{"id":86694,"date":"2025-03-17T15:54:59","date_gmt":"2025-03-17T20:54:59","guid":{"rendered":"https:\/\/www.ucaldas.edu.co\/portal\/?page_id=86694"},"modified":"2025-03-20T08:20:47","modified_gmt":"2025-03-20T13:20:47","slug":"archivo-control-interno-boletines","status":"publish","type":"page","link":"https:\/\/www.ucaldas.edu.co\/portal\/archivo-control-interno-boletines\/","title":{"rendered":"Archivo &#8211; Boletines e Informaci\u00f3n de Inter\u00e9s"},"content":{"rendered":"<div class=\"wpb-content-wrapper\"><p>[vc_row][vc_column][vc_column_text]<a href=\"https:\/\/www.ucaldas.edu.co\/portal\/control-interno\/#1506028252020-a0387ba9-4dd1\">&lt;&lt; Regresar a Secci\u00f3n de Control Interno<\/a><\/p>\n<p>Descubra aqu\u00ed el archivo de boletines e informaci\u00f3n de inter\u00e9s de la oficina de Control Interno de la Universidad de Caldas.<\/p>\n<ul>\n<li><strong>Bolet\u00edn sobre Auto control \u2013<\/strong>\u00a0Oficina de Control interno de Gesti\u00f3n\u00a0<a href=\"http:\/\/www.ucaldas.edu.co\/docs\/controlinterno\/autocontrol2013.pdf\">Consultar<\/a><\/li>\n<li><strong>Convenio veedur\u00edas ciudadanas con la contralor\u00eda departamental de Caldas<\/strong>\n<ul>\n<li><a href=\"http:\/\/www.ucaldas.edu.co\/docs\/prensa\/Convenio_002_Veedurias_Ciudadanas_CGR_UCaldas.pdf\" target=\"_blank\" rel=\"noopener\">Convenio para la promoci\u00f3n y conformaci\u00f3n de veedur\u00edas ciudadanas<\/a><\/li>\n<li>2012 \u2013 Diplomado en Veedur\u00edas Ciudadanas y Rendici\u00f3n P\u00fablica de Cuentas:\n<ul>\n<li><a href=\"http:\/\/www.ucaldas.edu.co\/docs\/controlinterno\/malla_pedagogica_diplomado_veedurias_ciudadanas.pdf\" target=\"_blank\" rel=\"noopener\">Programaci\u00f3n<\/a><\/li>\n<\/ul>\n<\/li>\n<\/ul>\n<\/li>\n<\/ul>\n<ul>\n<li><a href=\"https:\/\/www.ucaldas.edu.co\/portal\/wp-content\/uploads\/2014\/02\/Acta_CCU.pdf\">Acta del Centro Cultural Universitario<\/a><\/li>\n<li><a href=\"https:\/\/www.ucaldas.edu.co\/portal\/wp-content\/uploads\/2014\/02\/Acta_Rendicion_Bioprocesos.pdf\">Acta de Rendici\u00f3n Bioprocesos<\/a><\/li>\n<li><a href=\"https:\/\/www.ucaldas.edu.co\/portal\/wp-content\/uploads\/2014\/02\/Acta_Segunda_rendici%C3%B3n_Bioprocesos.pdf\">Acta Segunda de Rendici\u00f3n Bioprocesos<\/a><\/li>\n<li><a href=\"https:\/\/www.ucaldas.edu.co\/portal\/wp-content\/uploads\/2014\/02\/Estrategia_veedur%C3%ADas-_visibles.pdf\">Estrategia veedur\u00edas visibles<\/a><\/li>\n<li><a href=\"https:\/\/www.ucaldas.edu.co\/portal\/wp-content\/uploads\/2014\/02\/Informe_CCU_Rendicion_Cuentas.pdf\">Informe de Centro Cultural Universitario Rendici\u00f3n de Cuentas<\/a><\/li>\n<li><a href=\"https:\/\/www.ucaldas.edu.co\/portal\/wp-content\/uploads\/2014\/02\/Veedur%C3%ADas_Visibles_Sup%C3%ADa.pdf\">Veedur\u00edas Visibles de Sup\u00eda<\/a><\/li>\n<\/ul>\n<p>[\/vc_column_text][\/vc_column][\/vc_row]<\/p>\n<\/div>","protected":false},"excerpt":{"rendered":"<p>[vc_row][vc_column][vc_column_text]&lt;&lt; Regresar a Secci\u00f3n de Control Interno Descubra aqu\u00ed el archivo de boletines e informaci\u00f3n de inter\u00e9s de la oficina de Control Interno de la Universidad de Caldas. Bolet\u00edn sobre Auto control \u2013\u00a0Oficina de Control interno de Gesti\u00f3n\u00a0Consultar Convenio veedur\u00edas ciudadanas con la contralor\u00eda departamental de Caldas Convenio para la promoci\u00f3n y conformaci\u00f3n de veedur\u00edas [&hellip;]<\/p>\n","protected":false},"author":1,"featured_media":0,"parent":0,"menu_order":0,"comment_status":"closed","ping_status":"closed","template":"","meta":{"footnotes":""},"class_list":["post-86694","page","type-page","status-publish","hentry"],"yoast_head":"<!-- This site is optimized with the Yoast SEO plugin v27.5 - https:\/\/yoast.com\/product\/yoast-seo-wordpress\/ -->\n<title>Archivo - Boletines e Informaci\u00f3n de Inter\u00e9s<\/title>\n<meta name=\"description\" content=\"Descubra aqu\u00ed el archivo de boletines e informaci\u00f3n de inter\u00e9s de la oficina de Control Interno de la Universidad de Caldas\" \/>\n<meta name=\"robots\" content=\"index, follow, max-snippet:-1, max-image-preview:large, max-video-preview:-1\" \/>\n<link rel=\"canonical\" href=\"https:\/\/www.ucaldas.edu.co\/portal\/archivo-control-interno-boletines\/\" \/>\n<script type=\"application\/ld+json\" class=\"yoast-schema-graph\">{\"@context\":\"https:\\\/\\\/schema.org\",\"@graph\":[{\"@type\":\"WebPage\",\"@id\":\"https:\\\/\\\/www.ucaldas.edu.co\\\/portal\\\/archivo-control-interno-boletines\\\/\",\"url\":\"https:\\\/\\\/www.ucaldas.edu.co\\\/portal\\\/archivo-control-interno-boletines\\\/\",\"name\":\"Archivo - Boletines e Informaci\u00f3n de Inter\u00e9s\",\"isPartOf\":{\"@id\":\"https:\\\/\\\/www.ucaldas.edu.co\\\/portal\\\/#website\"},\"datePublished\":\"2025-03-17T20:54:59+00:00\",\"dateModified\":\"2025-03-20T13:20:47+00:00\",\"description\":\"Descubra aqu\u00ed el archivo de boletines e informaci\u00f3n de inter\u00e9s de la oficina de Control Interno de la Universidad de Caldas\",\"breadcrumb\":{\"@id\":\"https:\\\/\\\/www.ucaldas.edu.co\\\/portal\\\/archivo-control-interno-boletines\\\/#breadcrumb\"},\"inLanguage\":\"es\",\"potentialAction\":[{\"@type\":\"ReadAction\",\"target\":[\"https:\\\/\\\/www.ucaldas.edu.co\\\/portal\\\/archivo-control-interno-boletines\\\/\"]}]},{\"@type\":\"BreadcrumbList\",\"@id\":\"https:\\\/\\\/www.ucaldas.edu.co\\\/portal\\\/archivo-control-interno-boletines\\\/#breadcrumb\",\"itemListElement\":[{\"@type\":\"ListItem\",\"position\":1,\"name\":\"Portada\",\"item\":\"https:\\\/\\\/www.ucaldas.edu.co\\\/portal\\\/\"},{\"@type\":\"ListItem\",\"position\":2,\"name\":\"Archivo &#8211; Boletines e Informaci\u00f3n de Inter\u00e9s\"}]},{\"@type\":\"WebSite\",\"@id\":\"https:\\\/\\\/www.ucaldas.edu.co\\\/portal\\\/#website\",\"url\":\"https:\\\/\\\/www.ucaldas.edu.co\\\/portal\\\/\",\"name\":\"Universidad de Caldas\",\"description\":\"\",\"publisher\":{\"@id\":\"https:\\\/\\\/www.ucaldas.edu.co\\\/portal\\\/#organization\"},\"alternateName\":\"U. de Caldas\",\"potentialAction\":[{\"@type\":\"SearchAction\",\"target\":{\"@type\":\"EntryPoint\",\"urlTemplate\":\"https:\\\/\\\/www.ucaldas.edu.co\\\/portal\\\/?s={search_term_string}\"},\"query-input\":{\"@type\":\"PropertyValueSpecification\",\"valueRequired\":true,\"valueName\":\"search_term_string\"}}],\"inLanguage\":\"es\"},{\"@type\":\"Organization\",\"@id\":\"https:\\\/\\\/www.ucaldas.edu.co\\\/portal\\\/#organization\",\"name\":\"Universidad de Caldas\",\"alternateName\":\"U. de Caldas\",\"url\":\"https:\\\/\\\/www.ucaldas.edu.co\\\/portal\\\/\",\"logo\":{\"@type\":\"ImageObject\",\"inLanguage\":\"es\",\"@id\":\"https:\\\/\\\/www.ucaldas.edu.co\\\/portal\\\/#\\\/schema\\\/logo\\\/image\\\/\",\"url\":\"https:\\\/\\\/www.ucaldas.edu.co\\\/portal\\\/wp-content\\\/uploads\\\/2023\\\/11\\\/Logo_horizontal_oscuroU-2023.png\",\"contentUrl\":\"https:\\\/\\\/www.ucaldas.edu.co\\\/portal\\\/wp-content\\\/uploads\\\/2023\\\/11\\\/Logo_horizontal_oscuroU-2023.png\",\"width\":263,\"height\":101,\"caption\":\"Universidad de Caldas\"},\"image\":{\"@id\":\"https:\\\/\\\/www.ucaldas.edu.co\\\/portal\\\/#\\\/schema\\\/logo\\\/image\\\/\"},\"sameAs\":[\"https:\\\/\\\/www.facebook.com\\\/udecaldas\",\"https:\\\/\\\/x.com\\\/udecaldas\",\"https:\\\/\\\/www.youtube.com\\\/universidadcaldas\",\"https:\\\/\\\/www.instagram.com\\\/udecaldas\\\/\"]}]}<\/script>\n<!-- \/ Yoast SEO plugin. -->","yoast_head_json":{"title":"Archivo - Boletines e Informaci\u00f3n de Inter\u00e9s","description":"Descubra aqu\u00ed el archivo de boletines e informaci\u00f3n de inter\u00e9s de la oficina de Control Interno de la Universidad de Caldas","robots":{"index":"index","follow":"follow","max-snippet":"max-snippet:-1","max-image-preview":"max-image-preview:large","max-video-preview":"max-video-preview:-1"},"canonical":"https:\/\/www.ucaldas.edu.co\/portal\/archivo-control-interno-boletines\/","schema":{"@context":"https:\/\/schema.org","@graph":[{"@type":"WebPage","@id":"https:\/\/www.ucaldas.edu.co\/portal\/archivo-control-interno-boletines\/","url":"https:\/\/www.ucaldas.edu.co\/portal\/archivo-control-interno-boletines\/","name":"Archivo - Boletines e Informaci\u00f3n de Inter\u00e9s","isPartOf":{"@id":"https:\/\/www.ucaldas.edu.co\/portal\/#website"},"datePublished":"2025-03-17T20:54:59+00:00","dateModified":"2025-03-20T13:20:47+00:00","description":"Descubra aqu\u00ed el archivo de boletines e informaci\u00f3n de inter\u00e9s de la oficina de Control Interno de la Universidad de Caldas","breadcrumb":{"@id":"https:\/\/www.ucaldas.edu.co\/portal\/archivo-control-interno-boletines\/#breadcrumb"},"inLanguage":"es","potentialAction":[{"@type":"ReadAction","target":["https:\/\/www.ucaldas.edu.co\/portal\/archivo-control-interno-boletines\/"]}]},{"@type":"BreadcrumbList","@id":"https:\/\/www.ucaldas.edu.co\/portal\/archivo-control-interno-boletines\/#breadcrumb","itemListElement":[{"@type":"ListItem","position":1,"name":"Portada","item":"https:\/\/www.ucaldas.edu.co\/portal\/"},{"@type":"ListItem","position":2,"name":"Archivo &#8211; Boletines e Informaci\u00f3n de Inter\u00e9s"}]},{"@type":"WebSite","@id":"https:\/\/www.ucaldas.edu.co\/portal\/#website","url":"https:\/\/www.ucaldas.edu.co\/portal\/","name":"Universidad de Caldas","description":"","publisher":{"@id":"https:\/\/www.ucaldas.edu.co\/portal\/#organization"},"alternateName":"U. de Caldas","potentialAction":[{"@type":"SearchAction","target":{"@type":"EntryPoint","urlTemplate":"https:\/\/www.ucaldas.edu.co\/portal\/?s={search_term_string}"},"query-input":{"@type":"PropertyValueSpecification","valueRequired":true,"valueName":"search_term_string"}}],"inLanguage":"es"},{"@type":"Organization","@id":"https:\/\/www.ucaldas.edu.co\/portal\/#organization","name":"Universidad de Caldas","alternateName":"U. de Caldas","url":"https:\/\/www.ucaldas.edu.co\/portal\/","logo":{"@type":"ImageObject","inLanguage":"es","@id":"https:\/\/www.ucaldas.edu.co\/portal\/#\/schema\/logo\/image\/","url":"https:\/\/www.ucaldas.edu.co\/portal\/wp-content\/uploads\/2023\/11\/Logo_horizontal_oscuroU-2023.png","contentUrl":"https:\/\/www.ucaldas.edu.co\/portal\/wp-content\/uploads\/2023\/11\/Logo_horizontal_oscuroU-2023.png","width":263,"height":101,"caption":"Universidad de Caldas"},"image":{"@id":"https:\/\/www.ucaldas.edu.co\/portal\/#\/schema\/logo\/image\/"},"sameAs":["https:\/\/www.facebook.com\/udecaldas","https:\/\/x.com\/udecaldas","https:\/\/www.youtube.com\/universidadcaldas","https:\/\/www.instagram.com\/udecaldas\/"]}]}},"_links":{"self":[{"href":"https:\/\/www.ucaldas.edu.co\/portal\/wp-json\/wp\/v2\/pages\/86694","targetHints":{"allow":["GET"]}}],"collection":[{"href":"https:\/\/www.ucaldas.edu.co\/portal\/wp-json\/wp\/v2\/pages"}],"about":[{"href":"https:\/\/www.ucaldas.edu.co\/portal\/wp-json\/wp\/v2\/types\/page"}],"author":[{"embeddable":true,"href":"https:\/\/www.ucaldas.edu.co\/portal\/wp-json\/wp\/v2\/users\/1"}],"replies":[{"embeddable":true,"href":"https:\/\/www.ucaldas.edu.co\/portal\/wp-json\/wp\/v2\/comments?post=86694"}],"version-history":[{"count":0,"href":"https:\/\/www.ucaldas.edu.co\/portal\/wp-json\/wp\/v2\/pages\/86694\/revisions"}],"wp:attachment":[{"href":"https:\/\/www.ucaldas.edu.co\/portal\/wp-json\/wp\/v2\/media?parent=86694"}],"curies":[{"name":"wp","href":"https:\/\/api.w.org\/{rel}","templated":true}]}}