{"id":71236,"date":"2022-08-03T15:23:18","date_gmt":"2022-08-03T15:23:18","guid":{"rendered":"https:\/\/www.ucaldas.edu.co\/portal\/?page_id=71236"},"modified":"2026-02-19T14:05:31","modified_gmt":"2026-02-19T19:05:31","slug":"control-disciplinario","status":"publish","type":"page","link":"https:\/\/www.ucaldas.edu.co\/portal\/secretaria-general\/control-disciplinario\/","title":{"rendered":"Control Disciplinario"},"content":{"rendered":"<div class=\"wpb-content-wrapper\"><p>[vc_row][vc_column][vc_column_text css=\u00bb\u00bb]<span style=\"font-weight: 400;\">El Grupo Interno de Control Disciplinario de la Universidad de Caldas adscrito a la Secretaria General es la unidad encargada de la investigaci\u00f3n y juzgamiento en primera instancia de los procesos disciplinarios en contra de los destinatarios del Estatuto Disciplinario: personal docente, administrativo, trabajadores oficiales y estudiantes.\u00a0\u00a0<\/span><\/p>\n<p><span style=\"font-weight: 400;\">A continuaci\u00f3n, encontrar\u00e1 informaci\u00f3n de importancia relacionada con el tr\u00e1mite de los procesos disciplinarios en la Universidad de Caldas, tales como: notificaciones por estado o edicto, normatividad relevante para las actuaciones, los boletines pedag\u00f3gicos y decisiones de inter\u00e9s.<\/span><\/p>\n<p>Para m\u00e1s informaci\u00f3n:<\/p>\n<p><strong>Correo:<\/strong> controldisciplinario@ucaldas.edu.co<br \/>\n<strong>Tel\u00e9fono:<\/strong> 8781500 ext 13116<br \/>\n<strong>Direcci\u00f3n:<\/strong> Calle 64b #25-65 Facultad de Ciencias Agropecuarias Piso 2[\/vc_column_text][\/vc_column][\/vc_row][vc_row css=\u00bb.vc_custom_1647606484836{padding: 5px !important;}\u00bb][vc_column width=\u00bb1\/4&#8243;][stm_single_image img_alignment=\u00bbcenter\u00bb img_responsive_enable=\u00bbtrue\u00bb img_id=\u00bb74021&#8243;][stm_btn_simple btn_style=\u00bbflat\u00bb btn_color=\u00bbblue\u00bb btn_size=\u00bbsize-custom\u00bb btn_icon_hspace=\u00bb5px\u00bb btn_alignment=\u00bbcenter\u00bb btn_link=\u00bburl:https%3A%2F%2Fwww.ucaldas.edu.co%2Fportal%2Fsecretaria-general-control-disciplinario-notificaciones%2F|title:Notificaciones||\u00bb btn_link_text=\u00bbNotificaciones\u00bb btn_custom_width=\u00bb100%\u00bb btn_custom_text_size=\u00bb15px\u00bb btn_custom_height=\u00bb42px\u00bb][\/vc_column][vc_column width=\u00bb1\/4&#8243;][stm_single_image img_alignment=\u00bbcenter\u00bb img_responsive_enable=\u00bbtrue\u00bb img_id=\u00bb74020&#8243;][stm_btn_simple btn_style=\u00bbflat\u00bb btn_color=\u00bbblue\u00bb btn_size=\u00bbsize-custom\u00bb btn_icon_hspace=\u00bb5px\u00bb btn_alignment=\u00bbcenter\u00bb btn_link=\u00bburl:https%3A%2F%2Fwww.ucaldas.edu.co%2Fportal%2Fsecretaria-general-control-disciplinario-normatividad%2F|title:Normatividad||\u00bb btn_link_text=\u00bbNormatividad\u00bb btn_custom_width=\u00bb100%\u00bb btn_custom_text_size=\u00bb15px\u00bb btn_custom_height=\u00bb42px\u00bb][\/vc_column][vc_column width=\u00bb1\/4&#8243;][stm_single_image img_alignment=\u00bbcenter\u00bb img_responsive_enable=\u00bbtrue\u00bb img_id=\u00bb74018&#8243;][stm_btn_simple btn_style=\u00bbflat\u00bb btn_color=\u00bbblue\u00bb btn_size=\u00bbsize-custom\u00bb btn_icon_hspace=\u00bb5px\u00bb btn_alignment=\u00bbcenter\u00bb btn_link=\u00bburl:https%3A%2F%2Fwww.ucaldas.edu.co%2Fportal%2Fsecretaria-general%2Fcontrol-disciplinario%2Fboletin-pedagogico%2F|title:Bolet%C3%ADn%20Pedag%C3%B3gico\u00bb btn_link_text=\u00bbBolet\u00edn Pedag\u00f3gico\u00bb btn_custom_width=\u00bb100%\u00bb btn_custom_text_size=\u00bb15px\u00bb btn_custom_height=\u00bb42px\u00bb][\/vc_column][vc_column width=\u00bb1\/4&#8243;][stm_single_image img_alignment=\u00bbcenter\u00bb img_responsive_enable=\u00bbtrue\u00bb img_id=\u00bb74019&#8243; css=\u00bb.vc_custom_1670249048034{margin-top: 0px !important;}\u00bb][stm_btn_simple btn_style=\u00bbflat\u00bb btn_color=\u00bbblue\u00bb btn_size=\u00bbsize-custom\u00bb btn_icon_hspace=\u00bb5px\u00bb btn_alignment=\u00bbcenter\u00bb btn_link=\u00bburl:https%3A%2F%2Fwww.ucaldas.edu.co%2Fportal%2Fsecretaria-general-control-disciplinario-decisiones-de-interes%2F|title:Decisiones%20de%20inter%C3%A9s||\u00bb btn_link_text=\u00bbDecisiones de inter\u00e9s\u00bb btn_custom_width=\u00bb100%\u00bb btn_custom_text_size=\u00bb15px\u00bb btn_custom_height=\u00bb42px\u00bb][\/vc_column][\/vc_row]<\/p>\n<\/div>","protected":false},"excerpt":{"rendered":"<p>[vc_row][vc_column][vc_column_text css=\u00bb\u00bb]El Grupo Interno de Control Disciplinario de la Universidad de Caldas adscrito a la Secretaria General es la unidad encargada de la investigaci\u00f3n y juzgamiento en primera instancia de los procesos disciplinarios en contra de los destinatarios del Estatuto Disciplinario: personal docente, administrativo, trabajadores oficiales y estudiantes.\u00a0\u00a0 A continuaci\u00f3n, encontrar\u00e1 informaci\u00f3n de importancia relacionada [&hellip;]<\/p>\n","protected":false},"author":1,"featured_media":0,"parent":68713,"menu_order":0,"comment_status":"closed","ping_status":"closed","template":"","meta":{"footnotes":""},"class_list":["post-71236","page","type-page","status-publish","hentry"],"yoast_head":"<!-- This site is optimized with the Yoast SEO plugin v27.4 - https:\/\/yoast.com\/product\/yoast-seo-wordpress\/ -->\n<title>Control Disciplinario<\/title>\n<meta name=\"description\" content=\"Es la encargada de la investigaci\u00f3n y juzgamiento en primera instancia de los procesos disciplinarios en la Universidad de Caldas.\" \/>\n<meta name=\"robots\" content=\"index, follow, max-snippet:-1, max-image-preview:large, max-video-preview:-1\" \/>\n<link rel=\"canonical\" href=\"https:\/\/www.ucaldas.edu.co\/portal\/secretaria-general\/control-disciplinario\/\" \/>\n<script type=\"application\/ld+json\" class=\"yoast-schema-graph\">{\"@context\":\"https:\\\/\\\/schema.org\",\"@graph\":[{\"@type\":\"WebPage\",\"@id\":\"https:\\\/\\\/www.ucaldas.edu.co\\\/portal\\\/secretaria-general\\\/control-disciplinario\\\/\",\"url\":\"https:\\\/\\\/www.ucaldas.edu.co\\\/portal\\\/secretaria-general\\\/control-disciplinario\\\/\",\"name\":\"Control Disciplinario\",\"isPartOf\":{\"@id\":\"https:\\\/\\\/www.ucaldas.edu.co\\\/portal\\\/#website\"},\"datePublished\":\"2022-08-03T15:23:18+00:00\",\"dateModified\":\"2026-02-19T19:05:31+00:00\",\"description\":\"Es la encargada de la investigaci\u00f3n y juzgamiento en primera instancia de los procesos disciplinarios en la Universidad de Caldas.\",\"breadcrumb\":{\"@id\":\"https:\\\/\\\/www.ucaldas.edu.co\\\/portal\\\/secretaria-general\\\/control-disciplinario\\\/#breadcrumb\"},\"inLanguage\":\"es\",\"potentialAction\":[{\"@type\":\"ReadAction\",\"target\":[\"https:\\\/\\\/www.ucaldas.edu.co\\\/portal\\\/secretaria-general\\\/control-disciplinario\\\/\"]}]},{\"@type\":\"BreadcrumbList\",\"@id\":\"https:\\\/\\\/www.ucaldas.edu.co\\\/portal\\\/secretaria-general\\\/control-disciplinario\\\/#breadcrumb\",\"itemListElement\":[{\"@type\":\"ListItem\",\"position\":1,\"name\":\"Portada\",\"item\":\"https:\\\/\\\/www.ucaldas.edu.co\\\/portal\\\/\"},{\"@type\":\"ListItem\",\"position\":2,\"name\":\"Secretar\u00eda General\",\"item\":\"https:\\\/\\\/www.ucaldas.edu.co\\\/portal\\\/secretaria-general\\\/\"},{\"@type\":\"ListItem\",\"position\":3,\"name\":\"Control Disciplinario\"}]},{\"@type\":\"WebSite\",\"@id\":\"https:\\\/\\\/www.ucaldas.edu.co\\\/portal\\\/#website\",\"url\":\"https:\\\/\\\/www.ucaldas.edu.co\\\/portal\\\/\",\"name\":\"Universidad de Caldas\",\"description\":\"\",\"publisher\":{\"@id\":\"https:\\\/\\\/www.ucaldas.edu.co\\\/portal\\\/#organization\"},\"alternateName\":\"U. de Caldas\",\"potentialAction\":[{\"@type\":\"SearchAction\",\"target\":{\"@type\":\"EntryPoint\",\"urlTemplate\":\"https:\\\/\\\/www.ucaldas.edu.co\\\/portal\\\/?s={search_term_string}\"},\"query-input\":{\"@type\":\"PropertyValueSpecification\",\"valueRequired\":true,\"valueName\":\"search_term_string\"}}],\"inLanguage\":\"es\"},{\"@type\":\"Organization\",\"@id\":\"https:\\\/\\\/www.ucaldas.edu.co\\\/portal\\\/#organization\",\"name\":\"Universidad de Caldas\",\"alternateName\":\"U. de Caldas\",\"url\":\"https:\\\/\\\/www.ucaldas.edu.co\\\/portal\\\/\",\"logo\":{\"@type\":\"ImageObject\",\"inLanguage\":\"es\",\"@id\":\"https:\\\/\\\/www.ucaldas.edu.co\\\/portal\\\/#\\\/schema\\\/logo\\\/image\\\/\",\"url\":\"https:\\\/\\\/www.ucaldas.edu.co\\\/portal\\\/wp-content\\\/uploads\\\/2023\\\/11\\\/Logo_horizontal_oscuroU-2023.png\",\"contentUrl\":\"https:\\\/\\\/www.ucaldas.edu.co\\\/portal\\\/wp-content\\\/uploads\\\/2023\\\/11\\\/Logo_horizontal_oscuroU-2023.png\",\"width\":263,\"height\":101,\"caption\":\"Universidad de Caldas\"},\"image\":{\"@id\":\"https:\\\/\\\/www.ucaldas.edu.co\\\/portal\\\/#\\\/schema\\\/logo\\\/image\\\/\"},\"sameAs\":[\"https:\\\/\\\/www.facebook.com\\\/udecaldas\",\"https:\\\/\\\/x.com\\\/udecaldas\",\"https:\\\/\\\/www.youtube.com\\\/universidadcaldas\",\"https:\\\/\\\/www.instagram.com\\\/udecaldas\\\/\"]}]}<\/script>\n<!-- \/ Yoast SEO plugin. -->","yoast_head_json":{"title":"Control Disciplinario","description":"Es la encargada de la investigaci\u00f3n y juzgamiento en primera instancia de los procesos disciplinarios en la Universidad de Caldas.","robots":{"index":"index","follow":"follow","max-snippet":"max-snippet:-1","max-image-preview":"max-image-preview:large","max-video-preview":"max-video-preview:-1"},"canonical":"https:\/\/www.ucaldas.edu.co\/portal\/secretaria-general\/control-disciplinario\/","schema":{"@context":"https:\/\/schema.org","@graph":[{"@type":"WebPage","@id":"https:\/\/www.ucaldas.edu.co\/portal\/secretaria-general\/control-disciplinario\/","url":"https:\/\/www.ucaldas.edu.co\/portal\/secretaria-general\/control-disciplinario\/","name":"Control Disciplinario","isPartOf":{"@id":"https:\/\/www.ucaldas.edu.co\/portal\/#website"},"datePublished":"2022-08-03T15:23:18+00:00","dateModified":"2026-02-19T19:05:31+00:00","description":"Es la encargada de la investigaci\u00f3n y juzgamiento en primera instancia de los procesos disciplinarios en la Universidad de Caldas.","breadcrumb":{"@id":"https:\/\/www.ucaldas.edu.co\/portal\/secretaria-general\/control-disciplinario\/#breadcrumb"},"inLanguage":"es","potentialAction":[{"@type":"ReadAction","target":["https:\/\/www.ucaldas.edu.co\/portal\/secretaria-general\/control-disciplinario\/"]}]},{"@type":"BreadcrumbList","@id":"https:\/\/www.ucaldas.edu.co\/portal\/secretaria-general\/control-disciplinario\/#breadcrumb","itemListElement":[{"@type":"ListItem","position":1,"name":"Portada","item":"https:\/\/www.ucaldas.edu.co\/portal\/"},{"@type":"ListItem","position":2,"name":"Secretar\u00eda General","item":"https:\/\/www.ucaldas.edu.co\/portal\/secretaria-general\/"},{"@type":"ListItem","position":3,"name":"Control Disciplinario"}]},{"@type":"WebSite","@id":"https:\/\/www.ucaldas.edu.co\/portal\/#website","url":"https:\/\/www.ucaldas.edu.co\/portal\/","name":"Universidad de Caldas","description":"","publisher":{"@id":"https:\/\/www.ucaldas.edu.co\/portal\/#organization"},"alternateName":"U. de Caldas","potentialAction":[{"@type":"SearchAction","target":{"@type":"EntryPoint","urlTemplate":"https:\/\/www.ucaldas.edu.co\/portal\/?s={search_term_string}"},"query-input":{"@type":"PropertyValueSpecification","valueRequired":true,"valueName":"search_term_string"}}],"inLanguage":"es"},{"@type":"Organization","@id":"https:\/\/www.ucaldas.edu.co\/portal\/#organization","name":"Universidad de Caldas","alternateName":"U. de Caldas","url":"https:\/\/www.ucaldas.edu.co\/portal\/","logo":{"@type":"ImageObject","inLanguage":"es","@id":"https:\/\/www.ucaldas.edu.co\/portal\/#\/schema\/logo\/image\/","url":"https:\/\/www.ucaldas.edu.co\/portal\/wp-content\/uploads\/2023\/11\/Logo_horizontal_oscuroU-2023.png","contentUrl":"https:\/\/www.ucaldas.edu.co\/portal\/wp-content\/uploads\/2023\/11\/Logo_horizontal_oscuroU-2023.png","width":263,"height":101,"caption":"Universidad de Caldas"},"image":{"@id":"https:\/\/www.ucaldas.edu.co\/portal\/#\/schema\/logo\/image\/"},"sameAs":["https:\/\/www.facebook.com\/udecaldas","https:\/\/x.com\/udecaldas","https:\/\/www.youtube.com\/universidadcaldas","https:\/\/www.instagram.com\/udecaldas\/"]}]}},"_links":{"self":[{"href":"https:\/\/www.ucaldas.edu.co\/portal\/wp-json\/wp\/v2\/pages\/71236","targetHints":{"allow":["GET"]}}],"collection":[{"href":"https:\/\/www.ucaldas.edu.co\/portal\/wp-json\/wp\/v2\/pages"}],"about":[{"href":"https:\/\/www.ucaldas.edu.co\/portal\/wp-json\/wp\/v2\/types\/page"}],"author":[{"embeddable":true,"href":"https:\/\/www.ucaldas.edu.co\/portal\/wp-json\/wp\/v2\/users\/1"}],"replies":[{"embeddable":true,"href":"https:\/\/www.ucaldas.edu.co\/portal\/wp-json\/wp\/v2\/comments?post=71236"}],"version-history":[{"count":2,"href":"https:\/\/www.ucaldas.edu.co\/portal\/wp-json\/wp\/v2\/pages\/71236\/revisions"}],"predecessor-version":[{"id":102635,"href":"https:\/\/www.ucaldas.edu.co\/portal\/wp-json\/wp\/v2\/pages\/71236\/revisions\/102635"}],"up":[{"embeddable":true,"href":"https:\/\/www.ucaldas.edu.co\/portal\/wp-json\/wp\/v2\/pages\/68713"}],"wp:attachment":[{"href":"https:\/\/www.ucaldas.edu.co\/portal\/wp-json\/wp\/v2\/media?parent=71236"}],"curies":[{"name":"wp","href":"https:\/\/api.w.org\/{rel}","templated":true}]}}