{"id":52462,"date":"2019-10-22T15:46:42","date_gmt":"2019-10-22T15:46:42","guid":{"rendered":"https:\/\/www.ucaldas.edu.co\/portal\/?page_id=52462"},"modified":"2023-07-11T16:41:05","modified_gmt":"2023-07-11T16:41:05","slug":"archivo-seguimiento-al-sistema-de-quejas-reclamos-y-sugerencias-de-la-universidad-de-caldas","status":"publish","type":"page","link":"https:\/\/www.ucaldas.edu.co\/portal\/archivo-seguimiento-al-sistema-de-quejas-reclamos-y-sugerencias-de-la-universidad-de-caldas\/","title":{"rendered":"Archivo &#8211; Seguimiento al sistema de quejas, reclamos y sugerencias de la Universidad de Caldas"},"content":{"rendered":"<div class=\"wpb-content-wrapper\"><p>[vc_row][vc_column][vc_column_text]<a href=\"https:\/\/www.ucaldas.edu.co\/portal\/control-interno\/#1506026941649-acf58cde-4b66\">&lt;&lt; Regresar a Secci\u00f3n de Control Interno<\/a><\/p>\n<table style=\"width: 100%;\" border=\"0\">\n<caption>Seguimiento al sistema de quejas, reclamos y sugerencias de la Universidad de Caldas<\/caption>\n<tbody>\n<tr align=\"center\">\n<td style=\"background-color: #e6e6fa; width: 1264px;\" colspan=\"2\" scope=\"col\"><strong>Seguimiento al sistema de quejas, reclamos y sugerencias de la Universidad de Caldas<\/strong><\/td>\n<\/tr>\n<tr>\n<td style=\"width: 947.217px;\" scope=\"col\">\n<ul>\n<li><span style=\"font-size: 11px;\"><a href=\"https:\/\/www.ucaldas.edu.co\/portal\/wp-content\/uploads\/2014\/02\/1.-Informe-Auditor\u00eda-PQRS-2016-1.pdf\" target=\"_blank\" rel=\"noopener\"><span style=\"font-family: Verdana, Arial, Helvetica, sans-serif;\">1. Informe Auditor\u00eda PQRS 2016-1<\/span><\/a><\/span><\/li>\n<\/ul>\n<\/td>\n<td style=\"width: 265.933px;\" scope=\"col\"><\/td>\n<\/tr>\n<tr>\n<td style=\"width: 947.217px;\" scope=\"col\">\n<ul>\n<li><span style=\"font-size: 11px;\"><a href=\"https:\/\/www.ucaldas.edu.co\/portal\/wp-content\/uploads\/2014\/02\/2.-Informe-Auditor\u00eda-PQRS-2016-2.pdf\" target=\"_blank\" rel=\"noopener\"><span style=\"font-family: Verdana, Arial, Helvetica, sans-serif;\">2. Informe Auditor\u00eda PQRS 2016-2<\/span><\/a><\/span><\/li>\n<\/ul>\n<\/td>\n<td style=\"width: 265.933px;\" scope=\"col\"><\/td>\n<\/tr>\n<tr>\n<td style=\"width: 947.217px;\" scope=\"col\">\n<ul>\n<li><span style=\"font-size: 11px;\"><a href=\"https:\/\/www.ucaldas.edu.co\/portal\/wp-content\/uploads\/2014\/02\/3.-Informe-Auditor\u00eda-PQRS-2017-1.pdf\" target=\"_blank\" rel=\"noopener\"><span style=\"font-family: Verdana, Arial, Helvetica, sans-serif;\">3. Informe Auditor\u00eda PQRS-2017-1<\/span><\/a><\/span><\/li>\n<\/ul>\n<\/td>\n<td style=\"width: 265.933px;\" scope=\"col\"><\/td>\n<\/tr>\n<tr>\n<td style=\"width: 947.217px;\" scope=\"col\">\n<ul>\n<li><span style=\"font-size: 11px;\"><a href=\"https:\/\/www.ucaldas.edu.co\/portal\/wp-content\/uploads\/2014\/02\/4.-Informe-Auditor\u00eda-Nro.8-PQRS-2017-2.pdf\" target=\"_blank\" rel=\"noopener\"><span style=\"font-family: Verdana, Arial, Helvetica, sans-serif;\">4. Informe Auditor\u00eda Nro.8 PQRS 2017-2 <\/span><\/a><\/span><\/li>\n<\/ul>\n<\/td>\n<td style=\"width: 265.933px;\" scope=\"col\"><\/td>\n<\/tr>\n<tr>\n<td style=\"width: 947.217px;\">\n<ul>\n<li><span style=\"font-size: 11px;\"><a href=\"https:\/\/www.ucaldas.edu.co\/portal\/wp-content\/uploads\/2014\/02\/6.-Informe-Auditor\u00eda-Nro.5-PQRS-2018-2.pdf\" target=\"_blank\" rel=\"noopener\"><span style=\"font-family: Verdana, Arial, Helvetica, sans-serif;\">Informe Auditor\u00eda Nro.5 PQRS 2018-2<\/span><\/a><\/span><\/li>\n<\/ul>\n<\/td>\n<td style=\"width: 265.933px;\"><\/td>\n<\/tr>\n<tr>\n<td style=\"width: 947.217px;\">\n<ul>\n<li><span style=\"font-size: 11px;\"><a href=\"https:\/\/www.ucaldas.edu.co\/portal\/wp-content\/uploads\/2014\/02\/5.-Informe-Auditor\u00eda-Nro.16-PQRS-2018-1.pdf\" target=\"_blank\" rel=\"noopener\"><span style=\"font-family: Verdana, Arial, Helvetica, sans-serif;\">Informe Auditor\u00eda Nro.16 PQRS 2018-1<\/span><\/a><\/span><\/li>\n<\/ul>\n<\/td>\n<td style=\"width: 265.933px;\"><\/td>\n<\/tr>\n<tr>\n<td style=\"width: 947.217px;\">\n<ul>\n<li><span style=\"font-size: 11px;\"><a href=\"https:\/\/www.ucaldas.edu.co\/portal\/wp-content\/uploads\/2014\/02\/Informe-de-auditor\u00eda-a-PQRS-2019-2_v2.pdf\" target=\"_blank\" rel=\"noopener\"><span style=\"font-family: Verdana, Arial, Helvetica, sans-serif;\">Informe Auditor\u00eda Nro.001 PQRS 2019-2<\/span><\/a><\/span><\/li>\n<\/ul>\n<\/td>\n<td style=\"width: 265.933px;\"><\/td>\n<\/tr>\n<tr>\n<td style=\"width: 947.217px;\">\n<ul>\n<li><span style=\"font-size: 11px;\"><a href=\"https:\/\/www.ucaldas.edu.co\/portal\/wp-content\/uploads\/2014\/02\/7.-Informe-Auditor\u00eda-Nro.23-PQRS-2019-1.pdf\" target=\"_blank\" rel=\"noopener\"><span style=\"font-family: Verdana, Arial, Helvetica, sans-serif;\">Informe Auditor\u00eda Nro.23 PQRS 2019-1<\/span><\/a><\/span><\/li>\n<\/ul>\n<\/td>\n<td style=\"width: 265.933px;\"><\/td>\n<\/tr>\n<\/tbody>\n<\/table>\n<p>[\/vc_column_text][\/vc_column][\/vc_row]<\/p>\n<\/div>","protected":false},"excerpt":{"rendered":"<p>[vc_row][vc_column][vc_column_text]&lt;&lt; Regresar a Secci\u00f3n de Control Interno Seguimiento al sistema de quejas, reclamos y sugerencias de la Universidad de Caldas Seguimiento al sistema de quejas, reclamos y sugerencias de la Universidad de Caldas 1. Informe Auditor\u00eda PQRS 2016-1 2. Informe Auditor\u00eda PQRS 2016-2 3. Informe Auditor\u00eda PQRS-2017-1 4. Informe Auditor\u00eda Nro.8 PQRS 2017-2 Informe Auditor\u00eda [&hellip;]<\/p>\n","protected":false},"author":1,"featured_media":0,"parent":0,"menu_order":0,"comment_status":"closed","ping_status":"closed","template":"","meta":{"footnotes":""},"class_list":["post-52462","page","type-page","status-publish","hentry"],"yoast_head":"<!-- This site is optimized with the Yoast SEO plugin v27.5 - https:\/\/yoast.com\/product\/yoast-seo-wordpress\/ -->\n<title>Archivo - Seguimiento al sistema de quejas, reclamos y sugerencias de la Universidad de Caldas .<\/title>\n<meta name=\"robots\" content=\"index, follow, max-snippet:-1, max-image-preview:large, max-video-preview:-1\" \/>\n<link rel=\"canonical\" href=\"https:\/\/www.ucaldas.edu.co\/portal\/archivo-seguimiento-al-sistema-de-quejas-reclamos-y-sugerencias-de-la-universidad-de-caldas\/\" \/>\n<script type=\"application\/ld+json\" class=\"yoast-schema-graph\">{\"@context\":\"https:\\\/\\\/schema.org\",\"@graph\":[{\"@type\":\"WebPage\",\"@id\":\"https:\\\/\\\/www.ucaldas.edu.co\\\/portal\\\/archivo-seguimiento-al-sistema-de-quejas-reclamos-y-sugerencias-de-la-universidad-de-caldas\\\/\",\"url\":\"https:\\\/\\\/www.ucaldas.edu.co\\\/portal\\\/archivo-seguimiento-al-sistema-de-quejas-reclamos-y-sugerencias-de-la-universidad-de-caldas\\\/\",\"name\":\"Archivo - Seguimiento al sistema de quejas, reclamos y sugerencias de la Universidad de Caldas .\",\"isPartOf\":{\"@id\":\"https:\\\/\\\/www.ucaldas.edu.co\\\/portal\\\/#website\"},\"datePublished\":\"2019-10-22T15:46:42+00:00\",\"dateModified\":\"2023-07-11T16:41:05+00:00\",\"breadcrumb\":{\"@id\":\"https:\\\/\\\/www.ucaldas.edu.co\\\/portal\\\/archivo-seguimiento-al-sistema-de-quejas-reclamos-y-sugerencias-de-la-universidad-de-caldas\\\/#breadcrumb\"},\"inLanguage\":\"es\",\"potentialAction\":[{\"@type\":\"ReadAction\",\"target\":[\"https:\\\/\\\/www.ucaldas.edu.co\\\/portal\\\/archivo-seguimiento-al-sistema-de-quejas-reclamos-y-sugerencias-de-la-universidad-de-caldas\\\/\"]}]},{\"@type\":\"BreadcrumbList\",\"@id\":\"https:\\\/\\\/www.ucaldas.edu.co\\\/portal\\\/archivo-seguimiento-al-sistema-de-quejas-reclamos-y-sugerencias-de-la-universidad-de-caldas\\\/#breadcrumb\",\"itemListElement\":[{\"@type\":\"ListItem\",\"position\":1,\"name\":\"Portada\",\"item\":\"https:\\\/\\\/www.ucaldas.edu.co\\\/portal\\\/\"},{\"@type\":\"ListItem\",\"position\":2,\"name\":\"Archivo &#8211; Seguimiento al sistema de quejas, reclamos y sugerencias de la Universidad de Caldas\"}]},{\"@type\":\"WebSite\",\"@id\":\"https:\\\/\\\/www.ucaldas.edu.co\\\/portal\\\/#website\",\"url\":\"https:\\\/\\\/www.ucaldas.edu.co\\\/portal\\\/\",\"name\":\"Universidad de Caldas\",\"description\":\"\",\"publisher\":{\"@id\":\"https:\\\/\\\/www.ucaldas.edu.co\\\/portal\\\/#organization\"},\"alternateName\":\"U. de Caldas\",\"potentialAction\":[{\"@type\":\"SearchAction\",\"target\":{\"@type\":\"EntryPoint\",\"urlTemplate\":\"https:\\\/\\\/www.ucaldas.edu.co\\\/portal\\\/?s={search_term_string}\"},\"query-input\":{\"@type\":\"PropertyValueSpecification\",\"valueRequired\":true,\"valueName\":\"search_term_string\"}}],\"inLanguage\":\"es\"},{\"@type\":\"Organization\",\"@id\":\"https:\\\/\\\/www.ucaldas.edu.co\\\/portal\\\/#organization\",\"name\":\"Universidad de Caldas\",\"alternateName\":\"U. de Caldas\",\"url\":\"https:\\\/\\\/www.ucaldas.edu.co\\\/portal\\\/\",\"logo\":{\"@type\":\"ImageObject\",\"inLanguage\":\"es\",\"@id\":\"https:\\\/\\\/www.ucaldas.edu.co\\\/portal\\\/#\\\/schema\\\/logo\\\/image\\\/\",\"url\":\"https:\\\/\\\/www.ucaldas.edu.co\\\/portal\\\/wp-content\\\/uploads\\\/2023\\\/11\\\/Logo_horizontal_oscuroU-2023.png\",\"contentUrl\":\"https:\\\/\\\/www.ucaldas.edu.co\\\/portal\\\/wp-content\\\/uploads\\\/2023\\\/11\\\/Logo_horizontal_oscuroU-2023.png\",\"width\":263,\"height\":101,\"caption\":\"Universidad de Caldas\"},\"image\":{\"@id\":\"https:\\\/\\\/www.ucaldas.edu.co\\\/portal\\\/#\\\/schema\\\/logo\\\/image\\\/\"},\"sameAs\":[\"https:\\\/\\\/www.facebook.com\\\/udecaldas\",\"https:\\\/\\\/x.com\\\/udecaldas\",\"https:\\\/\\\/www.youtube.com\\\/universidadcaldas\",\"https:\\\/\\\/www.instagram.com\\\/udecaldas\\\/\"]}]}<\/script>\n<!-- \/ Yoast SEO plugin. -->","yoast_head_json":{"title":"Archivo - Seguimiento al sistema de quejas, reclamos y sugerencias de la Universidad de Caldas .","robots":{"index":"index","follow":"follow","max-snippet":"max-snippet:-1","max-image-preview":"max-image-preview:large","max-video-preview":"max-video-preview:-1"},"canonical":"https:\/\/www.ucaldas.edu.co\/portal\/archivo-seguimiento-al-sistema-de-quejas-reclamos-y-sugerencias-de-la-universidad-de-caldas\/","schema":{"@context":"https:\/\/schema.org","@graph":[{"@type":"WebPage","@id":"https:\/\/www.ucaldas.edu.co\/portal\/archivo-seguimiento-al-sistema-de-quejas-reclamos-y-sugerencias-de-la-universidad-de-caldas\/","url":"https:\/\/www.ucaldas.edu.co\/portal\/archivo-seguimiento-al-sistema-de-quejas-reclamos-y-sugerencias-de-la-universidad-de-caldas\/","name":"Archivo - Seguimiento al sistema de quejas, reclamos y sugerencias de la Universidad de Caldas .","isPartOf":{"@id":"https:\/\/www.ucaldas.edu.co\/portal\/#website"},"datePublished":"2019-10-22T15:46:42+00:00","dateModified":"2023-07-11T16:41:05+00:00","breadcrumb":{"@id":"https:\/\/www.ucaldas.edu.co\/portal\/archivo-seguimiento-al-sistema-de-quejas-reclamos-y-sugerencias-de-la-universidad-de-caldas\/#breadcrumb"},"inLanguage":"es","potentialAction":[{"@type":"ReadAction","target":["https:\/\/www.ucaldas.edu.co\/portal\/archivo-seguimiento-al-sistema-de-quejas-reclamos-y-sugerencias-de-la-universidad-de-caldas\/"]}]},{"@type":"BreadcrumbList","@id":"https:\/\/www.ucaldas.edu.co\/portal\/archivo-seguimiento-al-sistema-de-quejas-reclamos-y-sugerencias-de-la-universidad-de-caldas\/#breadcrumb","itemListElement":[{"@type":"ListItem","position":1,"name":"Portada","item":"https:\/\/www.ucaldas.edu.co\/portal\/"},{"@type":"ListItem","position":2,"name":"Archivo &#8211; Seguimiento al sistema de quejas, reclamos y sugerencias de la Universidad de Caldas"}]},{"@type":"WebSite","@id":"https:\/\/www.ucaldas.edu.co\/portal\/#website","url":"https:\/\/www.ucaldas.edu.co\/portal\/","name":"Universidad de Caldas","description":"","publisher":{"@id":"https:\/\/www.ucaldas.edu.co\/portal\/#organization"},"alternateName":"U. de Caldas","potentialAction":[{"@type":"SearchAction","target":{"@type":"EntryPoint","urlTemplate":"https:\/\/www.ucaldas.edu.co\/portal\/?s={search_term_string}"},"query-input":{"@type":"PropertyValueSpecification","valueRequired":true,"valueName":"search_term_string"}}],"inLanguage":"es"},{"@type":"Organization","@id":"https:\/\/www.ucaldas.edu.co\/portal\/#organization","name":"Universidad de Caldas","alternateName":"U. de Caldas","url":"https:\/\/www.ucaldas.edu.co\/portal\/","logo":{"@type":"ImageObject","inLanguage":"es","@id":"https:\/\/www.ucaldas.edu.co\/portal\/#\/schema\/logo\/image\/","url":"https:\/\/www.ucaldas.edu.co\/portal\/wp-content\/uploads\/2023\/11\/Logo_horizontal_oscuroU-2023.png","contentUrl":"https:\/\/www.ucaldas.edu.co\/portal\/wp-content\/uploads\/2023\/11\/Logo_horizontal_oscuroU-2023.png","width":263,"height":101,"caption":"Universidad de Caldas"},"image":{"@id":"https:\/\/www.ucaldas.edu.co\/portal\/#\/schema\/logo\/image\/"},"sameAs":["https:\/\/www.facebook.com\/udecaldas","https:\/\/x.com\/udecaldas","https:\/\/www.youtube.com\/universidadcaldas","https:\/\/www.instagram.com\/udecaldas\/"]}]}},"_links":{"self":[{"href":"https:\/\/www.ucaldas.edu.co\/portal\/wp-json\/wp\/v2\/pages\/52462","targetHints":{"allow":["GET"]}}],"collection":[{"href":"https:\/\/www.ucaldas.edu.co\/portal\/wp-json\/wp\/v2\/pages"}],"about":[{"href":"https:\/\/www.ucaldas.edu.co\/portal\/wp-json\/wp\/v2\/types\/page"}],"author":[{"embeddable":true,"href":"https:\/\/www.ucaldas.edu.co\/portal\/wp-json\/wp\/v2\/users\/1"}],"replies":[{"embeddable":true,"href":"https:\/\/www.ucaldas.edu.co\/portal\/wp-json\/wp\/v2\/comments?post=52462"}],"version-history":[{"count":0,"href":"https:\/\/www.ucaldas.edu.co\/portal\/wp-json\/wp\/v2\/pages\/52462\/revisions"}],"wp:attachment":[{"href":"https:\/\/www.ucaldas.edu.co\/portal\/wp-json\/wp\/v2\/media?parent=52462"}],"curies":[{"name":"wp","href":"https:\/\/api.w.org\/{rel}","templated":true}]}}