{"id":51747,"date":"2019-09-25T15:51:27","date_gmt":"2019-09-25T15:51:27","guid":{"rendered":"https:\/\/www.ucaldas.edu.co\/portal\/?page_id=51747"},"modified":"2024-01-19T07:19:47","modified_gmt":"2024-01-19T12:19:47","slug":"expresiones-culturales-y-artisticas","status":"publish","type":"page","link":"https:\/\/www.ucaldas.edu.co\/portal\/expresiones-culturales-y-artisticas\/","title":{"rendered":"Expresiones Culturales y Art\u00edsticas"},"content":{"rendered":"<div class=\"wpb-content-wrapper\"><p>[vc_row full_width=\u00bbstretch_row_content_no_spaces\u00bb css=\u00bb.vc_custom_1696448295801{margin-top: -40px !important;margin-right: 0px !important;margin-bottom: 0px !important;margin-left: 0px !important;border-top-width: 0px !important;border-right-width: 0px !important;border-bottom-width: 0px !important;border-left-width: 0px !important;padding-top: 0px !important;padding-right: 0px !important;padding-bottom: 0px !important;padding-left: 0px !important;}\u00bb el_class=\u00bbportada-bienestar-universitario\u00bb][vc_column css=\u00bb.vc_custom_1569423882254{margin: 0px !important;border-width: 0px !important;padding: 0px !important;}\u00bb][vc_single_image image=\u00bb51991&#8243; img_size=\u00bbfull\u00bb css=\u00bb.vc_custom_1698241054947{margin-top: 0px !important;margin-right: 0px !important;margin-bottom: 0px !important;margin-left: 0px !important;border-top-width: 0px !important;border-right-width: 0px !important;border-bottom-width: 0px !important;border-left-width: 0px !important;padding-top: 0px !important;padding-right: 0px !important;padding-bottom: 0px !important;padding-left: 0px !important;}\u00bb][vc_custom_heading text=\u00bbExpresiones Culturales y Art\u00edsticas\u00bb font_container=\u00bbtag:h1|text_align:center|color:%23ffffff\u00bb google_fonts=\u00bbfont_family:Roboto%3A100%2C100italic%2C300%2C300italic%2Cregular%2Citalic%2C500%2C500italic%2C700%2C700italic%2C900%2C900italic|font_style:900%20bold%20regular%3A900%3Anormal\u00bb el_class=\u00bbtitulo-bienestar-universitario\u00bb][\/vc_column][\/vc_row][vc_row][vc_column width=\u00bb2\/3&#8243;][vc_empty_space][vc_column_text]<a href=\"https:\/\/www.ucaldas.edu.co\/portal\/bienestar\" rel=\"noopener\">&lt;&lt; Regresar a Bienestar Universitario<\/a>[\/vc_column_text][vc_column_text]<strong>Objetivo del \u00e1rea<\/strong><\/p>\n<p>El \u00e1rea de Expresiones Culturales y Art\u00edsticas, desarrolla estrategias encaminadas a fomentar la expresi\u00f3n art\u00edstica y cultural de estudiantes, docentes y administrativos, como fundamento y reconocimiento a la diversidad de<br \/>\ntodos los actores que hacen parte de la comunidad educativa. En esta \u00e1rea se promueven espacios de creaci\u00f3n, intercambio, estimulaci\u00f3n, sensibilizaci\u00f3n y apreciaci\u00f3n de las diversas manifestaciones art\u00edsticas.<\/p>\n<p><strong>Alcance del \u00c1rea<\/strong><\/p>\n<p>Promover la participaci\u00f3n del p\u00fablico universitario y de la comunidad en general en todas las actividades art\u00edsticas y culturales, como tambi\u00e9n las actividades culturales de la ciudad y la regi\u00f3n.<\/p>\n<div><strong>CONTACTO<\/strong><\/div>\n<div><strong>Tel\u00e9fono:<\/strong> 8781500 ext 11113<br \/>\n<strong>Correo: <\/strong>bienestar.cultura@ucaldas.edu.co<\/div>\n<p>[\/vc_column_text][\/vc_column][vc_column width=\u00bb1\/3&#8243;][vc_empty_space][vc_single_image image=\u00bb52017&#8243; img_size=\u00bbfull\u00bb][\/vc_column][\/vc_row][vc_row][vc_column][vc_custom_heading text=\u00bbProgramas en oferta\u00bb google_fonts=\u00bbfont_family:Roboto%3A100%2C100italic%2C300%2C300italic%2Cregular%2Citalic%2C500%2C500italic%2C700%2C700italic%2C900%2C900italic|font_style:900%20bold%20regular%3A900%3Anormal\u00bb][vc_empty_space][vc_tta_tabs color=\u00bbblue\u00bb active_section=\u00bb1&#8243; el_class=\u00bbprogramas-promocion-socioeconomica\u00bb][vc_tta_section title=\u00bbSemilleros\u00bb tab_id=\u00bb1698754596731-00c6d608-2373&#8243;][vc_row_inner][vc_column_inner width=\u00bb1\/3&#8243;][vc_custom_heading text=\u00bbSEMILLEROS ART\u00cdSTICOS DE DANZAS del Mundo para Docentes, Funcionarios y Estudiantes\u00bb font_container=\u00bbtag:h4|text_align:left\u00bb google_fonts=\u00bbfont_family:Roboto%3A100%2C100italic%2C300%2C300italic%2Cregular%2Citalic%2C500%2C500italic%2C700%2C700italic%2C900%2C900italic|font_style:900%20bold%20regular%3A900%3Anormal\u00bb][vc_column_text]<strong>Objetivo:<\/strong> Fomentar la participaci\u00f3n y consolidaci\u00f3n de los semilleros art\u00edsticos, como grupos instruccionales que representen a la Universidad en eventos locales, regionales y nacionales. A trav\u00e9s de Convocatorias abiertas a la Comunidad Universitaria se promover\u00e1n los siguientes semilleros: Danza Urbana. Danza Folcl\u00f3rica. Afro danza. Ritmos Latinos. Ritmos Argentinos.[\/vc_column_text][\/vc_column_inner][vc_column_inner width=\u00bb1\/3&#8243;][vc_custom_heading text=\u00bbSEMILLERO ARTISTICO DE NARRACI\u00d3N ORAL ESC\u00c9NICA. Docentes, Funcionarios y Estudiantes\u00bb font_container=\u00bbtag:h4|text_align:left\u00bb google_fonts=\u00bbfont_family:Roboto%3A100%2C100italic%2C300%2C300italic%2Cregular%2Citalic%2C500%2C500italic%2C700%2C700italic%2C900%2C900italic|font_style:900%20bold%20regular%3A900%3Anormal\u00bb][vc_column_text]<strong>Objetivo:<\/strong> Fomentar la narraci\u00f3n oral como una herramienta para la comunicaci\u00f3n oral y el arte de hablar en p\u00fablico. El semillero tendr\u00e1 2 l\u00edneas de acci\u00f3n.<\/p>\n<ol>\n<li>Herramientas para expresi\u00f3n para hablar en p\u00fablico.<\/li>\n<li>El semillero de Cuenter\u00eda de la U. de Caldas<\/li>\n<\/ol>\n<p>[\/vc_column_text][\/vc_column_inner][vc_column_inner width=\u00bb1\/3&#8243;][vc_custom_heading text=\u00bbSEMILLERO ARTISTICO INT\u00c9RPRETES DE LA CANCION. Docentes, Funcionarios y Estudiantes.\u00bb font_container=\u00bbtag:h4|text_align:left\u00bb google_fonts=\u00bbfont_family:Roboto%3A100%2C100italic%2C300%2C300italic%2Cregular%2Citalic%2C500%2C500italic%2C700%2C700italic%2C900%2C900italic|font_style:900%20bold%20regular%3A900%3Anormal\u00bb][vc_column_text]<strong>Objetivo:<\/strong> Promover el talento art\u00edstico musical en la comunidad universitaria, con \u00e9nfasis en la canci\u00f3n, que permita la participaci\u00f3n y representaci\u00f3n de la Universidad en eventos locales, regionales y nacionales de este g\u00e9nero.<br \/>\nA trav\u00e9s de audiciones abiertas se escoger\u00e1n las personas para el semillero Posteriormente se brindaran talleres de capacitaci\u00f3n en t\u00e9cnica vocal y expresi\u00f3n corporal. Ganadores de Festivales internos o externos de la Canci\u00f3n.[\/vc_column_text][\/vc_column_inner][\/vc_row_inner][vc_empty_space height=\u00bb33px\u00bb][\/vc_tta_section][vc_tta_section title=\u00bbEventos Especiales y Celebraciones Institucionales\u00bb tab_id=\u00bb1698754596760-499905e3-88e9&#8243;][vc_custom_heading text=\u00bbEventos especiales y celebraciones institucionales\u00bb font_container=\u00bbtag:h4|text_align:left\u00bb google_fonts=\u00bbfont_family:Roboto%3A100%2C100italic%2C300%2C300italic%2Cregular%2Citalic%2C500%2C500italic%2C700%2C700italic%2C900%2C900italic|font_style:900%20bold%20regular%3A900%3Anormal\u00bb][vc_column_text]Organizar y apoyar eventos de relevancia institucional que permita el reconocimiento a las personas que cumplen labores acad\u00e9micas y administrativas de la Universidad de Caldas. Eventos de car\u00e1cter institucional:<\/p>\n<ul>\n<li>Jornada de Bienvenida a la Vida Universitaria.<\/li>\n<li>D\u00eda de la Mujer.<\/li>\n<li>D\u00eda de la Secretaria.<\/li>\n<li>D\u00eda del Profesor.<\/li>\n<li>D\u00eda de la Universidad.<\/li>\n<li>D\u00eda del Funcionario P\u00fablico.<\/li>\n<li>D\u00eda de la Familia.<\/li>\n<li>Acto Social de Navidad.<\/li>\n<li>Noche de los Mejores.<\/li>\n<li>Posesi\u00f3n del Cabildo Ind\u00edgena Universitario.<\/li>\n<li>D\u00eda del estudiante.<\/li>\n<li>D\u00eda de la Afrocolombianidad.<\/li>\n<li>D\u00eda del Idioma.<\/li>\n<li>D\u00edas de las distintas profesiones, del M\u00e9dico, la Enfermera, el trabajador social, el abogado entre otras.<\/li>\n<\/ul>\n<p>[\/vc_column_text][vc_empty_space height=\u00bb33px\u00bb][\/vc_tta_section][vc_tta_section title=\u00bbGesti\u00f3n cultural y alianzas\u00bb tab_id=\u00bb1698755459604-5ffa78a9-b425&#8243;][vc_row_inner][vc_column_inner width=\u00bb1\/2&#8243;][vc_custom_heading text=\u00bbGesti\u00f3n cultural y alianzas interinstitucionales sumarte \u00bb font_container=\u00bbtag:h4|text_align:left\u00bb google_fonts=\u00bbfont_family:Roboto%3A100%2C100italic%2C300%2C300italic%2Cregular%2Citalic%2C500%2C500italic%2C700%2C700italic%2C900%2C900italic|font_style:900%20bold%20regular%3A900%3Anormal\u00bb][vc_column_text]Visibilizar las expresiones art\u00edsticas y culturales a trav\u00e9s de la alianza de las oficinas de cultura de las universidades y diferentes instituciones de la ciudad de Manizales, que reconocen en los espacios art\u00edsticos un elemento fundamental en la estructura de una sociedad. Gestionar actividades de beneficio com\u00fan a las universidades de la ciudad. Realizar convocatorias a los grupos institucionales para las actividades conjuntas del colectivo Sumarte. Gestionar recursos para la ejecuci\u00f3n de propuestas de car\u00e1cter nacional e internacional. Realizar actividades mensuales que convoquen la comunidad universitaria de Manizales. Consolidar una agenda interuniversitaria, donde se promuevan los talentos art\u00edsticos de cada IES y se resalten los valores culturales universitarios como ejes de integraci\u00f3n ciudadana.[\/vc_column_text][\/vc_column_inner][vc_column_inner width=\u00bb1\/2&#8243;][vc_custom_heading text=\u00bbGesti\u00f3n cultural y alianzas interinstitucionales ASCUN Cultura Nodo Centro.\u00bb font_container=\u00bbtag:h4|text_align:left\u00bb google_fonts=\u00bbfont_family:Roboto%3A100%2C100italic%2C300%2C300italic%2Cregular%2Citalic%2C500%2C500italic%2C700%2C700italic%2C900%2C900italic|font_style:900%20bold%20regular%3A900%3Anormal\u00bb][vc_column_text]Participar en los eventos Regionales y nacionales convocados por el Nodo Centro de ASCUN Cultura. Gestionar la realizaci\u00f3n del Festival Regional de Danza Urbana y de la Canci\u00f3n 2023, en nuestra universidad con motivo de los 80 a\u00f1os.[\/vc_column_text][\/vc_column_inner][\/vc_row_inner][vc_empty_space height=\u00bb33px\u00bb][\/vc_tta_section][vc_tta_section title=\u00bbBienestar Cultural en los Campus de la U.\u00bb tab_id=\u00bb1698756013483-e9cb8de7-63b8&#8243;][vc_custom_heading text=\u00bbBienestar Cultural en los Campus de la U. \u00bb font_container=\u00bbtag:h4|text_align:left\u00bb google_fonts=\u00bbfont_family:Roboto%3A100%2C100italic%2C300%2C300italic%2Cregular%2Citalic%2C500%2C500italic%2C700%2C700italic%2C900%2C900italic|font_style:900%20bold%20regular%3A900%3Anormal\u00bb][vc_column_text]Realizar itinerancias art\u00edsticas con los grupos de diferentes g\u00e9neros por los Campus de la Universidad: Grupos de danzas, de m\u00fasica, de Cuenter\u00eda, performances como una manera de generar p\u00fablicos y espacios de interacci\u00f3n cultural.[\/vc_column_text][vc_empty_space height=\u00bb33px\u00bb][\/vc_tta_section][vc_tta_section title=\u00bbCine Promotor y Formador Cultural\u00bb tab_id=\u00bb1698756041689-344bc293-7c9c\u00bb][vc_custom_heading text=\u00bbCine Promotor y Formador Cultural.\u00bb font_container=\u00bbtag:h4|text_align:left\u00bb google_fonts=\u00bbfont_family:Roboto%3A100%2C100italic%2C300%2C300italic%2Cregular%2Citalic%2C500%2C500italic%2C700%2C700italic%2C900%2C900italic|font_style:900%20bold%20regular%3A900%3Anormal\u00bb][vc_column_text]Fomentar el cine como una estrategia de transformaci\u00f3n cultural, de impacto educativo\u00a0 y de enriquecimiento cultural.\u00a0 En alianza con las instituciones que fomentan el s\u00e9ptimo arte, se promover\u00e1n, Talleres de apreciaci\u00f3n cinematogr\u00e1fica (ni\u00f1os y adultos) proyecciones de pel\u00edculas y Festivales de Cine.[\/vc_column_text][vc_empty_space height=\u00bb33px\u00bb][\/vc_tta_section][vc_tta_section title=\u00bbPrograma L\u00edderes del Bien Estar y la Sana Convivencia\u00bb tab_id=\u00bb1698756091635-aa7eea7a-923a\u00bb][vc_custom_heading text=\u00bbPrograma L\u00edderes del Bien Estar y la Sana Convivencia\u00bb font_container=\u00bbtag:h4|text_align:left\u00bb google_fonts=\u00bbfont_family:Roboto%3A100%2C100italic%2C300%2C300italic%2Cregular%2Citalic%2C500%2C500italic%2C700%2C700italic%2C900%2C900italic|font_style:900%20bold%20regular%3A900%3Anormal\u00bb][vc_column_text]Fortalecer el proyecto de vida universitaria y los estilos de vida que permitan una sana convivencia, como la habilidades comunicativas, habilidades sociales, de cultura ciudadana. Brindar los elementos esenciales para ejercer un liderazgo, responsable, apasionado, donde el compromiso este en funci\u00f3n del bienestar com\u00fan, como una manera de hacer de nuestra universidad el lugar para el crecimiento individual y colectivo.[\/vc_column_text][vc_empty_space height=\u00bb33px\u00bb][\/vc_tta_section][vc_tta_section title=\u00bbTaller Permanente de Escritura Creativa\u00bb tab_id=\u00bb1698756263346-4f216596-e98c\u00bb][vc_custom_heading text=\u00bbTaller Permanente de Escritura Creativa\u00bb font_container=\u00bbtag:h4|text_align:left\u00bb google_fonts=\u00bbfont_family:Roboto%3A100%2C100italic%2C300%2C300italic%2Cregular%2Citalic%2C500%2C500italic%2C700%2C700italic%2C900%2C900italic|font_style:900%20bold%20regular%3A900%3Anormal\u00bb][vc_column_text]Promover la buena comunicaci\u00f3n a trav\u00e9s de herramientas escriturales y orales y de desarrollo textual. Desarrollar un taller sobre las habilidades comunicativas, leer, escribir, hablar y escuchar, como ejes de una buena comunicaci\u00f3n.[\/vc_column_text][vc_empty_space height=\u00bb33px\u00bb][\/vc_tta_section][\/vc_tta_tabs][\/vc_column][\/vc_row]<\/p>\n<\/div>","protected":false},"excerpt":{"rendered":"<p>[vc_row full_width=\u00bbstretch_row_content_no_spaces\u00bb css=\u00bb.vc_custom_1696448295801{margin-top: -40px !important;margin-right: 0px !important;margin-bottom: 0px !important;margin-left: 0px !important;border-top-width: 0px !important;border-right-width: 0px !important;border-bottom-width: 0px !important;border-left-width: 0px !important;padding-top: 0px !important;padding-right: 0px !important;padding-bottom: 0px !important;padding-left: 0px !important;}\u00bb el_class=\u00bbportada-bienestar-universitario\u00bb][vc_column css=\u00bb.vc_custom_1569423882254{margin: 0px !important;border-width: 0px !important;padding: 0px !important;}\u00bb][vc_single_image image=\u00bb51991&#8243; img_size=\u00bbfull\u00bb css=\u00bb.vc_custom_1698241054947{margin-top: 0px !important;margin-right: 0px !important;margin-bottom: 0px !important;margin-left: 0px !important;border-top-width: 0px !important;border-right-width: 0px !important;border-bottom-width: 0px !important;border-left-width: 0px !important;padding-top: 0px [&hellip;]<\/p>\n","protected":false},"author":1,"featured_media":52020,"parent":0,"menu_order":0,"comment_status":"closed","ping_status":"closed","template":"","meta":{"footnotes":""},"class_list":["post-51747","page","type-page","status-publish","has-post-thumbnail","hentry"],"yoast_head":"<!-- This site is optimized with the Yoast SEO plugin v27.5 - https:\/\/yoast.com\/product\/yoast-seo-wordpress\/ -->\n<title>Expresiones Culturales y Art\u00edsticas .<\/title>\n<meta name=\"description\" content=\"Fomenta la expresi\u00f3n cultural y art\u00edstica de la comunidad, desde la diversidad que hace parte de la Universidad de Caldas\" \/>\n<meta name=\"robots\" content=\"index, follow, max-snippet:-1, max-image-preview:large, max-video-preview:-1\" \/>\n<link rel=\"canonical\" href=\"https:\/\/www.ucaldas.edu.co\/portal\/expresiones-culturales-y-artisticas\/\" \/>\n<script type=\"application\/ld+json\" class=\"yoast-schema-graph\">{\"@context\":\"https:\\\/\\\/schema.org\",\"@graph\":[{\"@type\":\"WebPage\",\"@id\":\"https:\\\/\\\/www.ucaldas.edu.co\\\/portal\\\/expresiones-culturales-y-artisticas\\\/\",\"url\":\"https:\\\/\\\/www.ucaldas.edu.co\\\/portal\\\/expresiones-culturales-y-artisticas\\\/\",\"name\":\"Expresiones Culturales y Art\u00edsticas .\",\"isPartOf\":{\"@id\":\"https:\\\/\\\/www.ucaldas.edu.co\\\/portal\\\/#website\"},\"primaryImageOfPage\":{\"@id\":\"https:\\\/\\\/www.ucaldas.edu.co\\\/portal\\\/expresiones-culturales-y-artisticas\\\/#primaryimage\"},\"image\":{\"@id\":\"https:\\\/\\\/www.ucaldas.edu.co\\\/portal\\\/expresiones-culturales-y-artisticas\\\/#primaryimage\"},\"thumbnailUrl\":\"https:\\\/\\\/www.ucaldas.edu.co\\\/portal\\\/wp-content\\\/uploads\\\/2019\\\/09\\\/Expresiones_Culturales_MINIATURA.jpg\",\"datePublished\":\"2019-09-25T15:51:27+00:00\",\"dateModified\":\"2024-01-19T12:19:47+00:00\",\"description\":\"Fomenta la expresi\u00f3n cultural y art\u00edstica de la comunidad, desde la diversidad que hace parte de la Universidad de Caldas\",\"breadcrumb\":{\"@id\":\"https:\\\/\\\/www.ucaldas.edu.co\\\/portal\\\/expresiones-culturales-y-artisticas\\\/#breadcrumb\"},\"inLanguage\":\"es\",\"potentialAction\":[{\"@type\":\"ReadAction\",\"target\":[\"https:\\\/\\\/www.ucaldas.edu.co\\\/portal\\\/expresiones-culturales-y-artisticas\\\/\"]}]},{\"@type\":\"ImageObject\",\"inLanguage\":\"es\",\"@id\":\"https:\\\/\\\/www.ucaldas.edu.co\\\/portal\\\/expresiones-culturales-y-artisticas\\\/#primaryimage\",\"url\":\"https:\\\/\\\/www.ucaldas.edu.co\\\/portal\\\/wp-content\\\/uploads\\\/2019\\\/09\\\/Expresiones_Culturales_MINIATURA.jpg\",\"contentUrl\":\"https:\\\/\\\/www.ucaldas.edu.co\\\/portal\\\/wp-content\\\/uploads\\\/2019\\\/09\\\/Expresiones_Culturales_MINIATURA.jpg\",\"width\":500,\"height\":350,\"caption\":\"Mujer y hombre bailando m\u00fasica tradicional colombiana\"},{\"@type\":\"BreadcrumbList\",\"@id\":\"https:\\\/\\\/www.ucaldas.edu.co\\\/portal\\\/expresiones-culturales-y-artisticas\\\/#breadcrumb\",\"itemListElement\":[{\"@type\":\"ListItem\",\"position\":1,\"name\":\"Portada\",\"item\":\"https:\\\/\\\/www.ucaldas.edu.co\\\/portal\\\/\"},{\"@type\":\"ListItem\",\"position\":2,\"name\":\"Expresiones Culturales y Art\u00edsticas\"}]},{\"@type\":\"WebSite\",\"@id\":\"https:\\\/\\\/www.ucaldas.edu.co\\\/portal\\\/#website\",\"url\":\"https:\\\/\\\/www.ucaldas.edu.co\\\/portal\\\/\",\"name\":\"Universidad de Caldas\",\"description\":\"\",\"publisher\":{\"@id\":\"https:\\\/\\\/www.ucaldas.edu.co\\\/portal\\\/#organization\"},\"alternateName\":\"U. de Caldas\",\"potentialAction\":[{\"@type\":\"SearchAction\",\"target\":{\"@type\":\"EntryPoint\",\"urlTemplate\":\"https:\\\/\\\/www.ucaldas.edu.co\\\/portal\\\/?s={search_term_string}\"},\"query-input\":{\"@type\":\"PropertyValueSpecification\",\"valueRequired\":true,\"valueName\":\"search_term_string\"}}],\"inLanguage\":\"es\"},{\"@type\":\"Organization\",\"@id\":\"https:\\\/\\\/www.ucaldas.edu.co\\\/portal\\\/#organization\",\"name\":\"Universidad de Caldas\",\"alternateName\":\"U. de Caldas\",\"url\":\"https:\\\/\\\/www.ucaldas.edu.co\\\/portal\\\/\",\"logo\":{\"@type\":\"ImageObject\",\"inLanguage\":\"es\",\"@id\":\"https:\\\/\\\/www.ucaldas.edu.co\\\/portal\\\/#\\\/schema\\\/logo\\\/image\\\/\",\"url\":\"https:\\\/\\\/www.ucaldas.edu.co\\\/portal\\\/wp-content\\\/uploads\\\/2023\\\/11\\\/Logo_horizontal_oscuroU-2023.png\",\"contentUrl\":\"https:\\\/\\\/www.ucaldas.edu.co\\\/portal\\\/wp-content\\\/uploads\\\/2023\\\/11\\\/Logo_horizontal_oscuroU-2023.png\",\"width\":263,\"height\":101,\"caption\":\"Universidad de Caldas\"},\"image\":{\"@id\":\"https:\\\/\\\/www.ucaldas.edu.co\\\/portal\\\/#\\\/schema\\\/logo\\\/image\\\/\"},\"sameAs\":[\"https:\\\/\\\/www.facebook.com\\\/udecaldas\",\"https:\\\/\\\/x.com\\\/udecaldas\",\"https:\\\/\\\/www.youtube.com\\\/universidadcaldas\",\"https:\\\/\\\/www.instagram.com\\\/udecaldas\\\/\"]}]}<\/script>\n<!-- \/ Yoast SEO plugin. -->","yoast_head_json":{"title":"Expresiones Culturales y Art\u00edsticas .","description":"Fomenta la expresi\u00f3n cultural y art\u00edstica de la comunidad, desde la diversidad que hace parte de la Universidad de Caldas","robots":{"index":"index","follow":"follow","max-snippet":"max-snippet:-1","max-image-preview":"max-image-preview:large","max-video-preview":"max-video-preview:-1"},"canonical":"https:\/\/www.ucaldas.edu.co\/portal\/expresiones-culturales-y-artisticas\/","schema":{"@context":"https:\/\/schema.org","@graph":[{"@type":"WebPage","@id":"https:\/\/www.ucaldas.edu.co\/portal\/expresiones-culturales-y-artisticas\/","url":"https:\/\/www.ucaldas.edu.co\/portal\/expresiones-culturales-y-artisticas\/","name":"Expresiones Culturales y Art\u00edsticas .","isPartOf":{"@id":"https:\/\/www.ucaldas.edu.co\/portal\/#website"},"primaryImageOfPage":{"@id":"https:\/\/www.ucaldas.edu.co\/portal\/expresiones-culturales-y-artisticas\/#primaryimage"},"image":{"@id":"https:\/\/www.ucaldas.edu.co\/portal\/expresiones-culturales-y-artisticas\/#primaryimage"},"thumbnailUrl":"https:\/\/www.ucaldas.edu.co\/portal\/wp-content\/uploads\/2019\/09\/Expresiones_Culturales_MINIATURA.jpg","datePublished":"2019-09-25T15:51:27+00:00","dateModified":"2024-01-19T12:19:47+00:00","description":"Fomenta la expresi\u00f3n cultural y art\u00edstica de la comunidad, desde la diversidad que hace parte de la Universidad de Caldas","breadcrumb":{"@id":"https:\/\/www.ucaldas.edu.co\/portal\/expresiones-culturales-y-artisticas\/#breadcrumb"},"inLanguage":"es","potentialAction":[{"@type":"ReadAction","target":["https:\/\/www.ucaldas.edu.co\/portal\/expresiones-culturales-y-artisticas\/"]}]},{"@type":"ImageObject","inLanguage":"es","@id":"https:\/\/www.ucaldas.edu.co\/portal\/expresiones-culturales-y-artisticas\/#primaryimage","url":"https:\/\/www.ucaldas.edu.co\/portal\/wp-content\/uploads\/2019\/09\/Expresiones_Culturales_MINIATURA.jpg","contentUrl":"https:\/\/www.ucaldas.edu.co\/portal\/wp-content\/uploads\/2019\/09\/Expresiones_Culturales_MINIATURA.jpg","width":500,"height":350,"caption":"Mujer y hombre bailando m\u00fasica tradicional colombiana"},{"@type":"BreadcrumbList","@id":"https:\/\/www.ucaldas.edu.co\/portal\/expresiones-culturales-y-artisticas\/#breadcrumb","itemListElement":[{"@type":"ListItem","position":1,"name":"Portada","item":"https:\/\/www.ucaldas.edu.co\/portal\/"},{"@type":"ListItem","position":2,"name":"Expresiones Culturales y Art\u00edsticas"}]},{"@type":"WebSite","@id":"https:\/\/www.ucaldas.edu.co\/portal\/#website","url":"https:\/\/www.ucaldas.edu.co\/portal\/","name":"Universidad de Caldas","description":"","publisher":{"@id":"https:\/\/www.ucaldas.edu.co\/portal\/#organization"},"alternateName":"U. de Caldas","potentialAction":[{"@type":"SearchAction","target":{"@type":"EntryPoint","urlTemplate":"https:\/\/www.ucaldas.edu.co\/portal\/?s={search_term_string}"},"query-input":{"@type":"PropertyValueSpecification","valueRequired":true,"valueName":"search_term_string"}}],"inLanguage":"es"},{"@type":"Organization","@id":"https:\/\/www.ucaldas.edu.co\/portal\/#organization","name":"Universidad de Caldas","alternateName":"U. de Caldas","url":"https:\/\/www.ucaldas.edu.co\/portal\/","logo":{"@type":"ImageObject","inLanguage":"es","@id":"https:\/\/www.ucaldas.edu.co\/portal\/#\/schema\/logo\/image\/","url":"https:\/\/www.ucaldas.edu.co\/portal\/wp-content\/uploads\/2023\/11\/Logo_horizontal_oscuroU-2023.png","contentUrl":"https:\/\/www.ucaldas.edu.co\/portal\/wp-content\/uploads\/2023\/11\/Logo_horizontal_oscuroU-2023.png","width":263,"height":101,"caption":"Universidad de Caldas"},"image":{"@id":"https:\/\/www.ucaldas.edu.co\/portal\/#\/schema\/logo\/image\/"},"sameAs":["https:\/\/www.facebook.com\/udecaldas","https:\/\/x.com\/udecaldas","https:\/\/www.youtube.com\/universidadcaldas","https:\/\/www.instagram.com\/udecaldas\/"]}]}},"_links":{"self":[{"href":"https:\/\/www.ucaldas.edu.co\/portal\/wp-json\/wp\/v2\/pages\/51747","targetHints":{"allow":["GET"]}}],"collection":[{"href":"https:\/\/www.ucaldas.edu.co\/portal\/wp-json\/wp\/v2\/pages"}],"about":[{"href":"https:\/\/www.ucaldas.edu.co\/portal\/wp-json\/wp\/v2\/types\/page"}],"author":[{"embeddable":true,"href":"https:\/\/www.ucaldas.edu.co\/portal\/wp-json\/wp\/v2\/users\/1"}],"replies":[{"embeddable":true,"href":"https:\/\/www.ucaldas.edu.co\/portal\/wp-json\/wp\/v2\/comments?post=51747"}],"version-history":[{"count":0,"href":"https:\/\/www.ucaldas.edu.co\/portal\/wp-json\/wp\/v2\/pages\/51747\/revisions"}],"wp:featuredmedia":[{"embeddable":true,"href":"https:\/\/www.ucaldas.edu.co\/portal\/wp-json\/wp\/v2\/media\/52020"}],"wp:attachment":[{"href":"https:\/\/www.ucaldas.edu.co\/portal\/wp-json\/wp\/v2\/media?parent=51747"}],"curies":[{"name":"wp","href":"https:\/\/api.w.org\/{rel}","templated":true}]}}