{"id":27938,"date":"2016-01-27T08:44:40","date_gmt":"2016-01-27T13:44:40","guid":{"rendered":"https:\/\/www.ucaldas.edu.co\/portal\/?page_id=27938"},"modified":"2026-02-26T11:05:03","modified_gmt":"2026-02-26T16:05:03","slug":"tarifas-reglamentacion","status":"publish","type":"page","link":"https:\/\/www.ucaldas.edu.co\/portal\/tarifas-reglamentacion\/","title":{"rendered":"Tarifas de servicios acad\u00e9micos y reglamentaci\u00f3n institucional"},"content":{"rendered":"<div class=\"wpb-content-wrapper\"><p>[vc_row][vc_column][vc_empty_space height=\u00bb60px\u00bb][vc_custom_heading text=\u00bbTarifas de servicios acad\u00e9micos y\u00bb google_fonts=\u00bbfont_family:Roboto%3A100%2C100italic%2C300%2C300italic%2Cregular%2Citalic%2C500%2C500italic%2C700%2C700italic%2C900%2C900italic|font_style:900%20bold%20regular%3A900%3Anormal\u00bb][vc_custom_heading text=\u00bbReglamentaci\u00f3n Institucional\u00bb font_container=\u00bbtag:h3|text_align:left\u00bb google_fonts=\u00bbfont_family:Roboto%3A100%2C100italic%2C300%2C300italic%2Cregular%2Citalic%2C500%2C500italic%2C700%2C700italic%2C900%2C900italic|font_style:300%20light%20regular%3A300%3Anormal\u00bb][vc_empty_space][\/vc_column][\/vc_row][vc_row][vc_column][vc_column_text css=\u00bb\u00bb]Consulte las tarifas de servicios acad\u00e9micos y reglamentaci\u00f3n institucional de la Universidad de Caldas en el siguiente listado:<\/p>\n<ul>\n<li><a href=\"https:\/\/www.ucaldas.edu.co\/portal\/wp-content\/uploads\/2026\/02\/OFICIO-TARIFAS-ACTUALIZADAS-REGISTRO-ACADEMICO-2026-1-2.pdf\" target=\"_blank\" rel=\"noopener\"><span style=\"font-size: 12pt;\"><strong>Tarifas<\/strong> por servicios acad\u00e9micos para el a\u00f1o <strong>2026<\/strong><\/span><\/a><\/li>\n<li><span style=\"font-size: 12pt;\"><a href=\"http:\/\/sig.ucaldas.edu.co\/admiarchigestion\/F-1041.PDF\" target=\"_blank\" rel=\"noopener\"><strong>Actos internos<\/strong> e incrementos (matr\u00edculas)<\/a><\/span><\/li>\n<li><span style=\"font-size: 12pt;\"><a href=\"https:\/\/www.ucaldas.edu.co\/portal\/wp-content\/uploads\/2018\/01\/Acuerdo-47-22-diciembre-2017_Estatuto-General.pdf\" target=\"_blank\" rel=\"noopener\"><strong>Estatuto General<\/strong> Universidad de Caldas<\/a><\/span><\/li>\n<li><span style=\"font-size: 12pt;\"><a href=\"http:\/\/sig.ucaldas.edu.co\/admiarchigestion\/H0141-0075-016-1.PDF\" target=\"_blank\" rel=\"noopener\"><strong>Reglamento estudiantil<\/strong> Universidad de Caldas<\/a><\/span><\/li>\n<li><span style=\"font-size: 12pt;\"><a href=\"http:\/\/sig.ucaldas.edu.co\/admiarchigestion\/H0010-097-021-1.PDF\" target=\"_blank\" rel=\"noopener\"><strong>Estatuto Docente<\/strong> Universidad de Caldas<\/a><\/span><\/li>\n<li><span style=\"font-size: 12pt;\"><a href=\"https:\/\/www.ucaldas.edu.co\/portal\/estatuto-de-bienestar\/\" target=\"_blank\" rel=\"noopener\"><strong>Estatuto de Bienestar<\/strong> Universidad de Caldas<\/a><\/span><\/li>\n<li><span style=\"font-size: 12pt;\"><a href=\"http:\/\/sig.ucaldas.edu.co\/admiarchigestion\/H-0817-01-03.1.PDF\" target=\"_blank\" rel=\"noopener\"><strong>Estatuto de Contrataci\u00f3n<\/strong> Universidad de Caldas<\/a><\/span><\/li>\n<li><span style=\"font-size: 12pt;\"><a href=\"http:\/\/sig.ucaldas.edu.co\/admiarchigestion\/H0405-03-020.PDF\" target=\"_blank\" rel=\"noopener\">R\u00e9gimen de <strong>matr\u00edculas de posgrados<\/strong> Universidad de Caldas<\/a><\/span><\/li>\n<\/ul>\n<p>[\/vc_column_text][vc_btn title=\u00bbIngrese aqu\u00ed a la p\u00e1gina de ADMISIONES\u00bb style=\u00bbflat\u00bb color=\u00bbblue\u00bb align=\u00bbcenter\u00bb i_icon_fontawesome=\u00bbfa fa-bookmark\u00bb add_icon=\u00bbtrue\u00bb link=\u00bburl:https%3A%2F%2Fviceacademica.ucaldas.edu.co%2Fadmisiones%2F||target:%20_blank|\u00bb][vc_column_text]<strong>Recuerde:<\/strong> La Universidad de Caldas es una Instituci\u00f3n de Educaci\u00f3n Superior sujeta a inspecci\u00f3n y vigilancia por el <a href=\"http:\/\/www.mineducacion.gov.co\/\" target=\"_blank\" rel=\"noopener\">Ministerio de Educaci\u00f3n Nacional<\/a>[\/vc_column_text][vc_empty_space][\/vc_column][\/vc_row]<\/p>\n<\/div>","protected":false},"excerpt":{"rendered":"<p>[vc_row][vc_column][vc_empty_space height=\u00bb60px\u00bb][vc_custom_heading text=\u00bbTarifas de servicios acad\u00e9micos y\u00bb google_fonts=\u00bbfont_family:Roboto%3A100%2C100italic%2C300%2C300italic%2Cregular%2Citalic%2C500%2C500italic%2C700%2C700italic%2C900%2C900italic|font_style:900%20bold%20regular%3A900%3Anormal\u00bb][vc_custom_heading text=\u00bbReglamentaci\u00f3n Institucional\u00bb font_container=\u00bbtag:h3|text_align:left\u00bb google_fonts=\u00bbfont_family:Roboto%3A100%2C100italic%2C300%2C300italic%2Cregular%2Citalic%2C500%2C500italic%2C700%2C700italic%2C900%2C900italic|font_style:300%20light%20regular%3A300%3Anormal\u00bb][vc_empty_space][\/vc_column][\/vc_row][vc_row][vc_column][vc_column_text css=\u00bb\u00bb]Consulte las tarifas de servicios acad\u00e9micos y reglamentaci\u00f3n institucional de la Universidad de Caldas en el siguiente listado: Tarifas por servicios acad\u00e9micos para el a\u00f1o 2026 Actos internos e incrementos (matr\u00edculas) Estatuto General Universidad de Caldas Reglamento estudiantil Universidad de Caldas Estatuto Docente [&hellip;]<\/p>\n","protected":false},"author":1,"featured_media":0,"parent":0,"menu_order":0,"comment_status":"closed","ping_status":"closed","template":"","meta":{"footnotes":""},"class_list":["post-27938","page","type-page","status-publish","hentry"],"yoast_head":"<!-- This site is optimized with the Yoast SEO plugin v27.4 - https:\/\/yoast.com\/product\/yoast-seo-wordpress\/ -->\n<title>Tarifas de servicios acad\u00e9micos y reglamentaci\u00f3n institucional .<\/title>\n<meta name=\"description\" content=\"Consulte las tarifas de servicios acad\u00e9micos y reglamentaci\u00f3n institucional de la Universidad de Caldas para el a\u00f1o 2024\" \/>\n<meta name=\"robots\" content=\"index, follow, max-snippet:-1, max-image-preview:large, max-video-preview:-1\" \/>\n<link rel=\"canonical\" href=\"https:\/\/www.ucaldas.edu.co\/portal\/tarifas-reglamentacion\/\" \/>\n<script type=\"application\/ld+json\" class=\"yoast-schema-graph\">{\"@context\":\"https:\\\/\\\/schema.org\",\"@graph\":[{\"@type\":\"WebPage\",\"@id\":\"https:\\\/\\\/www.ucaldas.edu.co\\\/portal\\\/tarifas-reglamentacion\\\/\",\"url\":\"https:\\\/\\\/www.ucaldas.edu.co\\\/portal\\\/tarifas-reglamentacion\\\/\",\"name\":\"Tarifas de servicios acad\u00e9micos y reglamentaci\u00f3n institucional .\",\"isPartOf\":{\"@id\":\"https:\\\/\\\/www.ucaldas.edu.co\\\/portal\\\/#website\"},\"datePublished\":\"2016-01-27T13:44:40+00:00\",\"dateModified\":\"2026-02-26T16:05:03+00:00\",\"description\":\"Consulte las tarifas de servicios acad\u00e9micos y reglamentaci\u00f3n institucional de la Universidad de Caldas para el a\u00f1o 2024\",\"breadcrumb\":{\"@id\":\"https:\\\/\\\/www.ucaldas.edu.co\\\/portal\\\/tarifas-reglamentacion\\\/#breadcrumb\"},\"inLanguage\":\"es\",\"potentialAction\":[{\"@type\":\"ReadAction\",\"target\":[\"https:\\\/\\\/www.ucaldas.edu.co\\\/portal\\\/tarifas-reglamentacion\\\/\"]}]},{\"@type\":\"BreadcrumbList\",\"@id\":\"https:\\\/\\\/www.ucaldas.edu.co\\\/portal\\\/tarifas-reglamentacion\\\/#breadcrumb\",\"itemListElement\":[{\"@type\":\"ListItem\",\"position\":1,\"name\":\"Portada\",\"item\":\"https:\\\/\\\/www.ucaldas.edu.co\\\/portal\\\/\"},{\"@type\":\"ListItem\",\"position\":2,\"name\":\"Tarifas de servicios acad\u00e9micos y reglamentaci\u00f3n institucional\"}]},{\"@type\":\"WebSite\",\"@id\":\"https:\\\/\\\/www.ucaldas.edu.co\\\/portal\\\/#website\",\"url\":\"https:\\\/\\\/www.ucaldas.edu.co\\\/portal\\\/\",\"name\":\"Universidad de Caldas\",\"description\":\"\",\"publisher\":{\"@id\":\"https:\\\/\\\/www.ucaldas.edu.co\\\/portal\\\/#organization\"},\"alternateName\":\"U. de Caldas\",\"potentialAction\":[{\"@type\":\"SearchAction\",\"target\":{\"@type\":\"EntryPoint\",\"urlTemplate\":\"https:\\\/\\\/www.ucaldas.edu.co\\\/portal\\\/?s={search_term_string}\"},\"query-input\":{\"@type\":\"PropertyValueSpecification\",\"valueRequired\":true,\"valueName\":\"search_term_string\"}}],\"inLanguage\":\"es\"},{\"@type\":\"Organization\",\"@id\":\"https:\\\/\\\/www.ucaldas.edu.co\\\/portal\\\/#organization\",\"name\":\"Universidad de Caldas\",\"alternateName\":\"U. de Caldas\",\"url\":\"https:\\\/\\\/www.ucaldas.edu.co\\\/portal\\\/\",\"logo\":{\"@type\":\"ImageObject\",\"inLanguage\":\"es\",\"@id\":\"https:\\\/\\\/www.ucaldas.edu.co\\\/portal\\\/#\\\/schema\\\/logo\\\/image\\\/\",\"url\":\"https:\\\/\\\/www.ucaldas.edu.co\\\/portal\\\/wp-content\\\/uploads\\\/2023\\\/11\\\/Logo_horizontal_oscuroU-2023.png\",\"contentUrl\":\"https:\\\/\\\/www.ucaldas.edu.co\\\/portal\\\/wp-content\\\/uploads\\\/2023\\\/11\\\/Logo_horizontal_oscuroU-2023.png\",\"width\":263,\"height\":101,\"caption\":\"Universidad de Caldas\"},\"image\":{\"@id\":\"https:\\\/\\\/www.ucaldas.edu.co\\\/portal\\\/#\\\/schema\\\/logo\\\/image\\\/\"},\"sameAs\":[\"https:\\\/\\\/www.facebook.com\\\/udecaldas\",\"https:\\\/\\\/x.com\\\/udecaldas\",\"https:\\\/\\\/www.youtube.com\\\/universidadcaldas\",\"https:\\\/\\\/www.instagram.com\\\/udecaldas\\\/\"]}]}<\/script>\n<!-- \/ Yoast SEO plugin. -->","yoast_head_json":{"title":"Tarifas de servicios acad\u00e9micos y reglamentaci\u00f3n institucional .","description":"Consulte las tarifas de servicios acad\u00e9micos y reglamentaci\u00f3n institucional de la Universidad de Caldas para el a\u00f1o 2024","robots":{"index":"index","follow":"follow","max-snippet":"max-snippet:-1","max-image-preview":"max-image-preview:large","max-video-preview":"max-video-preview:-1"},"canonical":"https:\/\/www.ucaldas.edu.co\/portal\/tarifas-reglamentacion\/","schema":{"@context":"https:\/\/schema.org","@graph":[{"@type":"WebPage","@id":"https:\/\/www.ucaldas.edu.co\/portal\/tarifas-reglamentacion\/","url":"https:\/\/www.ucaldas.edu.co\/portal\/tarifas-reglamentacion\/","name":"Tarifas de servicios acad\u00e9micos y reglamentaci\u00f3n institucional .","isPartOf":{"@id":"https:\/\/www.ucaldas.edu.co\/portal\/#website"},"datePublished":"2016-01-27T13:44:40+00:00","dateModified":"2026-02-26T16:05:03+00:00","description":"Consulte las tarifas de servicios acad\u00e9micos y reglamentaci\u00f3n institucional de la Universidad de Caldas para el a\u00f1o 2024","breadcrumb":{"@id":"https:\/\/www.ucaldas.edu.co\/portal\/tarifas-reglamentacion\/#breadcrumb"},"inLanguage":"es","potentialAction":[{"@type":"ReadAction","target":["https:\/\/www.ucaldas.edu.co\/portal\/tarifas-reglamentacion\/"]}]},{"@type":"BreadcrumbList","@id":"https:\/\/www.ucaldas.edu.co\/portal\/tarifas-reglamentacion\/#breadcrumb","itemListElement":[{"@type":"ListItem","position":1,"name":"Portada","item":"https:\/\/www.ucaldas.edu.co\/portal\/"},{"@type":"ListItem","position":2,"name":"Tarifas de servicios acad\u00e9micos y reglamentaci\u00f3n institucional"}]},{"@type":"WebSite","@id":"https:\/\/www.ucaldas.edu.co\/portal\/#website","url":"https:\/\/www.ucaldas.edu.co\/portal\/","name":"Universidad de Caldas","description":"","publisher":{"@id":"https:\/\/www.ucaldas.edu.co\/portal\/#organization"},"alternateName":"U. de Caldas","potentialAction":[{"@type":"SearchAction","target":{"@type":"EntryPoint","urlTemplate":"https:\/\/www.ucaldas.edu.co\/portal\/?s={search_term_string}"},"query-input":{"@type":"PropertyValueSpecification","valueRequired":true,"valueName":"search_term_string"}}],"inLanguage":"es"},{"@type":"Organization","@id":"https:\/\/www.ucaldas.edu.co\/portal\/#organization","name":"Universidad de Caldas","alternateName":"U. de Caldas","url":"https:\/\/www.ucaldas.edu.co\/portal\/","logo":{"@type":"ImageObject","inLanguage":"es","@id":"https:\/\/www.ucaldas.edu.co\/portal\/#\/schema\/logo\/image\/","url":"https:\/\/www.ucaldas.edu.co\/portal\/wp-content\/uploads\/2023\/11\/Logo_horizontal_oscuroU-2023.png","contentUrl":"https:\/\/www.ucaldas.edu.co\/portal\/wp-content\/uploads\/2023\/11\/Logo_horizontal_oscuroU-2023.png","width":263,"height":101,"caption":"Universidad de Caldas"},"image":{"@id":"https:\/\/www.ucaldas.edu.co\/portal\/#\/schema\/logo\/image\/"},"sameAs":["https:\/\/www.facebook.com\/udecaldas","https:\/\/x.com\/udecaldas","https:\/\/www.youtube.com\/universidadcaldas","https:\/\/www.instagram.com\/udecaldas\/"]}]}},"_links":{"self":[{"href":"https:\/\/www.ucaldas.edu.co\/portal\/wp-json\/wp\/v2\/pages\/27938","targetHints":{"allow":["GET"]}}],"collection":[{"href":"https:\/\/www.ucaldas.edu.co\/portal\/wp-json\/wp\/v2\/pages"}],"about":[{"href":"https:\/\/www.ucaldas.edu.co\/portal\/wp-json\/wp\/v2\/types\/page"}],"author":[{"embeddable":true,"href":"https:\/\/www.ucaldas.edu.co\/portal\/wp-json\/wp\/v2\/users\/1"}],"replies":[{"embeddable":true,"href":"https:\/\/www.ucaldas.edu.co\/portal\/wp-json\/wp\/v2\/comments?post=27938"}],"version-history":[{"count":6,"href":"https:\/\/www.ucaldas.edu.co\/portal\/wp-json\/wp\/v2\/pages\/27938\/revisions"}],"predecessor-version":[{"id":102826,"href":"https:\/\/www.ucaldas.edu.co\/portal\/wp-json\/wp\/v2\/pages\/27938\/revisions\/102826"}],"wp:attachment":[{"href":"https:\/\/www.ucaldas.edu.co\/portal\/wp-json\/wp\/v2\/media?parent=27938"}],"curies":[{"name":"wp","href":"https:\/\/api.w.org\/{rel}","templated":true}]}}