{"id":1994,"date":"2014-03-11T17:47:34","date_gmt":"2014-03-11T22:47:34","guid":{"rendered":"https:\/\/www.ucaldas.edu.co\/portal\/?page_id=1994"},"modified":"2022-09-14T16:44:56","modified_gmt":"2022-09-14T16:44:56","slug":"mapa-del-sitio","status":"publish","type":"page","link":"https:\/\/www.ucaldas.edu.co\/portal\/mapa-del-sitio\/","title":{"rendered":"Mapa del Sitio"},"content":{"rendered":"<div class=\"wpb-content-wrapper\"><p>[vc_row][vc_column][stm_title title_align=\u00bbcenter\u00bb sep_enable=\u00bbtrue\u00bb title=\u00bbMapa del sitio Universidad de Caldas\u00bb][\/stm_title][\/vc_column][\/vc_row][vc_row][vc_column][vc_column_text]La p\u00e1gina de la Universidad de Caldas es un portal institucional que permite ayudar a la comunidad universitaria a acceder a la informaci\u00f3n p\u00fablica, transparente y normativas que aplican para todos los procesos misiones de la instituci\u00f3n.<\/p>\n<p>La p\u00e1gina est\u00e1 conformada por los siguientes elementos principales cuando se llega al <em>Landing o Home<\/em>:<\/p>\n<ol>\n<li><strong><em>Top Header (Encabezado superior)<\/em><\/strong>: Opciones de men\u00fa para de accesos r\u00e1pido como: <strong>Transparencia y acceso y a la informaci\u00f3n<\/strong>, <strong>Atenci\u00f3n al ciudadano<\/strong>, <strong>Participa<\/strong>, <strong>Noticias<\/strong> e <strong>Idioma<\/strong>.<\/li>\n<li><strong><em>Header (Encabezado)<\/em><\/strong>: En el Encabezado se aloja el men\u00fa de opciones de la p\u00e1gina web, donde se encuentra segmentado por los m\u00f3dulos sobresalientes que ayudar\u00e1n a las personas a acceder a las diferentes opciones que se tienen para la comunidad universitaria\n<ul>\n<li><strong>Usuario:<\/strong> Permite a la personas acceder a las opciones de Estudiantes, Aspirantes, Docentes, Empleados, Ciudadanos y Egresados<\/li>\n<li><strong>Institucional:\u00a0<\/strong>Opciones que muestran la informaci\u00f3n de la vicerrector\u00eda administrativa, entes de control, atenci\u00f3n al ciudadano, transparencia, Comunicados institucionales, misi\u00f3n-visi\u00f3n, c\u00f3digo de integridad,\u00a0 Estructura org\u00e1nica (Equipo directivo, Consejo superior y acad\u00e9mico), Informaci\u00f3n institucional, normativa, planes institucionales, secretar\u00eda general, bienestar universitario y estatuto general.<\/li>\n<li><strong>Oferta acad\u00e9mica:\u00a0<\/strong>Listado de las facultades, admisiones y educaci\u00f3n continuada que se tiene para la Universidad de Caldas. Tarifas y reglamentaci\u00f3n<\/li>\n<li><strong>Investigaci\u00f3n:\u00a0<\/strong>Opci\u00f3n que permite acceder a la p\u00e1gina de investigaciones y posgrados de la Universidad de Caldas.<\/li>\n<li><strong>Proyecci\u00f3n:\u00a0<\/strong>Opci\u00f3n que permite acceder a la p\u00e1gina de la vicerrector\u00eda de proyecci\u00f3n y Prelex<\/li>\n<li><strong>Biblioteca:\u00a0<\/strong>Opci\u00f3n que permite acceder a la p\u00e1gina de la Biblioteca de la Universidad de Caldas y sus respectivos servicios.<\/li>\n<li><strong>Internacionalizaci\u00f3n:\u00a0<\/strong>Opci\u00f3n que permite acceder al portal de internacionalizaci\u00f3n de la Universidad de Caldas<\/li>\n<\/ul>\n<\/li>\n<li><strong>Cuerpo de la p\u00e1gina<\/strong>: Slider de enlaces relevantes, noticias y eventos, banners de proyectos relevantes, video multimedia, Centros de la Universidad de Caldas.<\/li>\n<li><strong><em>Footer (Pie de p\u00e1gina)<\/em><\/strong>: Men\u00fa con opciones de acceso r\u00e1pido: Contacto, Contrataci\u00f3n, Prensa, Bienestar, Redes Sociales y Entes gubernamentales<\/li>\n<\/ol>\n<p>&nbsp;<\/p>\n<p>[\/vc_column_text][\/vc_column][\/vc_row]<\/p>\n<\/div>","protected":false},"excerpt":{"rendered":"<p>[vc_row][vc_column][stm_title title_align=\u00bbcenter\u00bb sep_enable=\u00bbtrue\u00bb title=\u00bbMapa del sitio Universidad de Caldas\u00bb][\/stm_title][\/vc_column][\/vc_row][vc_row][vc_column][vc_column_text]La p\u00e1gina de la Universidad de Caldas es un portal institucional que permite ayudar a la comunidad universitaria a acceder a la informaci\u00f3n p\u00fablica, transparente y normativas que aplican para todos los procesos misiones de la instituci\u00f3n. La p\u00e1gina est\u00e1 conformada por los siguientes elementos principales cuando [&hellip;]<\/p>\n","protected":false},"author":1,"featured_media":0,"parent":0,"menu_order":0,"comment_status":"closed","ping_status":"closed","template":"","meta":{"footnotes":""},"class_list":["post-1994","page","type-page","status-publish","hentry"],"yoast_head":"<!-- This site is optimized with the Yoast SEO plugin v27.4 - https:\/\/yoast.com\/product\/yoast-seo-wordpress\/ -->\n<title>Mapa del Sitio .<\/title>\n<meta name=\"robots\" content=\"index, follow, max-snippet:-1, max-image-preview:large, max-video-preview:-1\" \/>\n<link rel=\"canonical\" href=\"https:\/\/www.ucaldas.edu.co\/portal\/mapa-del-sitio\/\" \/>\n<script type=\"application\/ld+json\" class=\"yoast-schema-graph\">{\"@context\":\"https:\\\/\\\/schema.org\",\"@graph\":[{\"@type\":\"WebPage\",\"@id\":\"https:\\\/\\\/www.ucaldas.edu.co\\\/portal\\\/mapa-del-sitio\\\/\",\"url\":\"https:\\\/\\\/www.ucaldas.edu.co\\\/portal\\\/mapa-del-sitio\\\/\",\"name\":\"Mapa del Sitio .\",\"isPartOf\":{\"@id\":\"https:\\\/\\\/www.ucaldas.edu.co\\\/portal\\\/#website\"},\"datePublished\":\"2014-03-11T22:47:34+00:00\",\"dateModified\":\"2022-09-14T16:44:56+00:00\",\"breadcrumb\":{\"@id\":\"https:\\\/\\\/www.ucaldas.edu.co\\\/portal\\\/mapa-del-sitio\\\/#breadcrumb\"},\"inLanguage\":\"es\",\"potentialAction\":[{\"@type\":\"ReadAction\",\"target\":[\"https:\\\/\\\/www.ucaldas.edu.co\\\/portal\\\/mapa-del-sitio\\\/\"]}]},{\"@type\":\"BreadcrumbList\",\"@id\":\"https:\\\/\\\/www.ucaldas.edu.co\\\/portal\\\/mapa-del-sitio\\\/#breadcrumb\",\"itemListElement\":[{\"@type\":\"ListItem\",\"position\":1,\"name\":\"Portada\",\"item\":\"https:\\\/\\\/www.ucaldas.edu.co\\\/portal\\\/\"},{\"@type\":\"ListItem\",\"position\":2,\"name\":\"Mapa del Sitio\"}]},{\"@type\":\"WebSite\",\"@id\":\"https:\\\/\\\/www.ucaldas.edu.co\\\/portal\\\/#website\",\"url\":\"https:\\\/\\\/www.ucaldas.edu.co\\\/portal\\\/\",\"name\":\"Universidad de Caldas\",\"description\":\"\",\"publisher\":{\"@id\":\"https:\\\/\\\/www.ucaldas.edu.co\\\/portal\\\/#organization\"},\"alternateName\":\"U. de Caldas\",\"potentialAction\":[{\"@type\":\"SearchAction\",\"target\":{\"@type\":\"EntryPoint\",\"urlTemplate\":\"https:\\\/\\\/www.ucaldas.edu.co\\\/portal\\\/?s={search_term_string}\"},\"query-input\":{\"@type\":\"PropertyValueSpecification\",\"valueRequired\":true,\"valueName\":\"search_term_string\"}}],\"inLanguage\":\"es\"},{\"@type\":\"Organization\",\"@id\":\"https:\\\/\\\/www.ucaldas.edu.co\\\/portal\\\/#organization\",\"name\":\"Universidad de Caldas\",\"alternateName\":\"U. de Caldas\",\"url\":\"https:\\\/\\\/www.ucaldas.edu.co\\\/portal\\\/\",\"logo\":{\"@type\":\"ImageObject\",\"inLanguage\":\"es\",\"@id\":\"https:\\\/\\\/www.ucaldas.edu.co\\\/portal\\\/#\\\/schema\\\/logo\\\/image\\\/\",\"url\":\"https:\\\/\\\/www.ucaldas.edu.co\\\/portal\\\/wp-content\\\/uploads\\\/2023\\\/11\\\/Logo_horizontal_oscuroU-2023.png\",\"contentUrl\":\"https:\\\/\\\/www.ucaldas.edu.co\\\/portal\\\/wp-content\\\/uploads\\\/2023\\\/11\\\/Logo_horizontal_oscuroU-2023.png\",\"width\":263,\"height\":101,\"caption\":\"Universidad de Caldas\"},\"image\":{\"@id\":\"https:\\\/\\\/www.ucaldas.edu.co\\\/portal\\\/#\\\/schema\\\/logo\\\/image\\\/\"},\"sameAs\":[\"https:\\\/\\\/www.facebook.com\\\/udecaldas\",\"https:\\\/\\\/x.com\\\/udecaldas\",\"https:\\\/\\\/www.youtube.com\\\/universidadcaldas\",\"https:\\\/\\\/www.instagram.com\\\/udecaldas\\\/\"]}]}<\/script>\n<!-- \/ Yoast SEO plugin. -->","yoast_head_json":{"title":"Mapa del Sitio .","robots":{"index":"index","follow":"follow","max-snippet":"max-snippet:-1","max-image-preview":"max-image-preview:large","max-video-preview":"max-video-preview:-1"},"canonical":"https:\/\/www.ucaldas.edu.co\/portal\/mapa-del-sitio\/","schema":{"@context":"https:\/\/schema.org","@graph":[{"@type":"WebPage","@id":"https:\/\/www.ucaldas.edu.co\/portal\/mapa-del-sitio\/","url":"https:\/\/www.ucaldas.edu.co\/portal\/mapa-del-sitio\/","name":"Mapa del Sitio .","isPartOf":{"@id":"https:\/\/www.ucaldas.edu.co\/portal\/#website"},"datePublished":"2014-03-11T22:47:34+00:00","dateModified":"2022-09-14T16:44:56+00:00","breadcrumb":{"@id":"https:\/\/www.ucaldas.edu.co\/portal\/mapa-del-sitio\/#breadcrumb"},"inLanguage":"es","potentialAction":[{"@type":"ReadAction","target":["https:\/\/www.ucaldas.edu.co\/portal\/mapa-del-sitio\/"]}]},{"@type":"BreadcrumbList","@id":"https:\/\/www.ucaldas.edu.co\/portal\/mapa-del-sitio\/#breadcrumb","itemListElement":[{"@type":"ListItem","position":1,"name":"Portada","item":"https:\/\/www.ucaldas.edu.co\/portal\/"},{"@type":"ListItem","position":2,"name":"Mapa del Sitio"}]},{"@type":"WebSite","@id":"https:\/\/www.ucaldas.edu.co\/portal\/#website","url":"https:\/\/www.ucaldas.edu.co\/portal\/","name":"Universidad de Caldas","description":"","publisher":{"@id":"https:\/\/www.ucaldas.edu.co\/portal\/#organization"},"alternateName":"U. de Caldas","potentialAction":[{"@type":"SearchAction","target":{"@type":"EntryPoint","urlTemplate":"https:\/\/www.ucaldas.edu.co\/portal\/?s={search_term_string}"},"query-input":{"@type":"PropertyValueSpecification","valueRequired":true,"valueName":"search_term_string"}}],"inLanguage":"es"},{"@type":"Organization","@id":"https:\/\/www.ucaldas.edu.co\/portal\/#organization","name":"Universidad de Caldas","alternateName":"U. de Caldas","url":"https:\/\/www.ucaldas.edu.co\/portal\/","logo":{"@type":"ImageObject","inLanguage":"es","@id":"https:\/\/www.ucaldas.edu.co\/portal\/#\/schema\/logo\/image\/","url":"https:\/\/www.ucaldas.edu.co\/portal\/wp-content\/uploads\/2023\/11\/Logo_horizontal_oscuroU-2023.png","contentUrl":"https:\/\/www.ucaldas.edu.co\/portal\/wp-content\/uploads\/2023\/11\/Logo_horizontal_oscuroU-2023.png","width":263,"height":101,"caption":"Universidad de Caldas"},"image":{"@id":"https:\/\/www.ucaldas.edu.co\/portal\/#\/schema\/logo\/image\/"},"sameAs":["https:\/\/www.facebook.com\/udecaldas","https:\/\/x.com\/udecaldas","https:\/\/www.youtube.com\/universidadcaldas","https:\/\/www.instagram.com\/udecaldas\/"]}]}},"_links":{"self":[{"href":"https:\/\/www.ucaldas.edu.co\/portal\/wp-json\/wp\/v2\/pages\/1994","targetHints":{"allow":["GET"]}}],"collection":[{"href":"https:\/\/www.ucaldas.edu.co\/portal\/wp-json\/wp\/v2\/pages"}],"about":[{"href":"https:\/\/www.ucaldas.edu.co\/portal\/wp-json\/wp\/v2\/types\/page"}],"author":[{"embeddable":true,"href":"https:\/\/www.ucaldas.edu.co\/portal\/wp-json\/wp\/v2\/users\/1"}],"replies":[{"embeddable":true,"href":"https:\/\/www.ucaldas.edu.co\/portal\/wp-json\/wp\/v2\/comments?post=1994"}],"version-history":[{"count":0,"href":"https:\/\/www.ucaldas.edu.co\/portal\/wp-json\/wp\/v2\/pages\/1994\/revisions"}],"wp:attachment":[{"href":"https:\/\/www.ucaldas.edu.co\/portal\/wp-json\/wp\/v2\/media?parent=1994"}],"curies":[{"name":"wp","href":"https:\/\/api.w.org\/{rel}","templated":true}]}}