{"id":157,"date":"2014-02-14T03:41:47","date_gmt":"2014-02-14T03:41:47","guid":{"rendered":"https:\/\/www.ucaldas.edu.co\/portal\/?page_id=157"},"modified":"2024-07-24T16:23:00","modified_gmt":"2024-07-24T21:23:00","slug":"sedes-y-espacios-institucionales","status":"publish","type":"page","link":"https:\/\/www.ucaldas.edu.co\/portal\/sedes-y-espacios-institucionales\/","title":{"rendered":"Campus y Espacios Institucionales"},"content":{"rendered":"<div class=\"wpb-content-wrapper\"><p>[vc_row][vc_column][vc_empty_space height=\u00bb60px\u00bb][vc_custom_heading text=\u00bbCampus y Espacios Institucionales\u00bb google_fonts=\u00bbfont_family:Roboto%3A100%2C100italic%2C300%2C300italic%2Cregular%2Citalic%2C500%2C500italic%2C700%2C700italic%2C900%2C900italic|font_style:900%20bold%20regular%3A900%3Anormal\u00bb][vc_empty_space][\/vc_column][\/vc_row][vc_row][vc_column width=\u00bb1\/2&#8243;][vc_single_image image=\u00bb55636&#8243; img_size=\u00bblarge\u00bb title=\u00bbSede principal\u00bb][vc_column_text]<strong>Horarios de Trabajo del personal administrativo:<\/strong><br \/>\nLunes a Jueves 7:45 am &#8211; 11:45 am y 1:45 pm &#8211; 5:45 pm, Viernes 7:00 a 3:30 pm Jornada Continua.[\/vc_column_text][\/vc_column][vc_column width=\u00bb1\/2&#8243;][vc_gmaps link=\u00bb#E-8_JTNDaWZyYW1lJTIwc3JjJTNEJTIyaHR0cHMlM0ElMkYlMkZ3d3cuZ29vZ2xlLmNvbSUyRm1hcHMlMkZlbWJlZCUzRnBiJTNEJTIxMW0xOCUyMTFtMTIlMjExbTMlMjExZDM5NzQuMjk0MzMzMjA1MjI4JTIxMmQtNzUuNDk1MDc2OTg1Njg1OTQlMjEzZDUuMDU1OTU5OTM5ODgzNDkyJTIxMm0zJTIxMWYwJTIxMmYwJTIxM2YwJTIxM20yJTIxMWkxMDI0JTIxMmk3NjglMjE0ZjEzLjElMjEzbTMlMjExbTIlMjExczB4OGU0NzY1NjM1NTA5MmJjMyUyNTNBMHhmNGQ1ODIwYjYxNTdlZjViJTIxMnNDbC4lMjUyMDY1JTI1MjAlMjUyMzI2LTEwJTI1MkMlMjUyME1hbml6YWxlcyUyNTJDJTI1MjBDYWxkYXMlMjE1ZTAlMjEzbTIlMjExc2VzJTIxMnNjbyUyMTR2MTU4ODY5NTU2NTc4NyUyMTVtMiUyMTFzZXMlMjEyc2NvJTIyJTIwd2lkdGglM0QlMjI2MDAlMjIlMjBoZWlnaHQlM0QlMjI0NTAlMjIlMjBmcmFtZWJvcmRlciUzRCUyMjAlMjIlMjBzdHlsZSUzRCUyMmJvcmRlciUzQTAlM0IlMjIlMjBhbGxvd2Z1bGxzY3JlZW4lM0QlMjIlMjIlMjBhcmlhLWhpZGRlbiUzRCUyMmZhbHNlJTIyJTIwdGFiaW5kZXglM0QlMjIwJTIyJTNFJTNDJTJGaWZyYW1lJTNF\u00bb title=\u00bbCalle 65 No 26 &#8211; 10&#8243;][\/vc_column][\/vc_row][vc_row][vc_column width=\u00bb1\/2&#8243;][vc_single_image image=\u00bb55635&#8243; img_size=\u00bblarge\u00bb title=\u00bbSede Bellas Artes\u00bb][vc_column_text]<strong>Horarios de Trabajo del personal administrativo:<\/strong><br \/>\nLunes a Jueves 7:45 am &#8211; 11:45 am y 1:45 pm &#8211; 5:45 pm, Viernes 7:00 a 3:30 pm Jornada Continua.[\/vc_column_text][\/vc_column][vc_column width=\u00bb1\/2&#8243;][vc_gmaps link=\u00bb#E-8_JTNDaWZyYW1lJTIwc3JjJTNEJTIyaHR0cHMlM0ElMkYlMkZ3d3cuZ29vZ2xlLmNvbSUyRm1hcHMlMkZlbWJlZCUzRnBiJTNEJTIxMW0xOCUyMTFtMTIlMjExbTMlMjExZDM5NzQuMjIxMDMzNzE2MTk4NyUyMTJkLTc1LjUyNTU5ODY4NTkzMTUxJTIxM2Q1LjA2Nzg4OTk5NjMyMTY5NCUyMTJtMyUyMTFmMCUyMTJmMCUyMTNmMCUyMTNtMiUyMTFpMTAyNCUyMTJpNzY4JTIxNGYxMy4xJTIxM20zJTIxMW0yJTIxMXMweDhlNDc2ZmZjM2Y4YzQ5YWIlMjUzQTB4MTQ5Y2I3MDU3MDljZGFmMiUyMTJzVW5pdmVyc2lkYWQlMjUyMGRlJTI1MjBDYWxkYXMlMjUyMC0lMjhzZWRlJTI5JTI1MjBQYWxhY2lvJTI1MjBkZSUyNTIwQmVsbGFzJTI1MjBBcnRlcyUyMTVlMCUyMTNtMiUyMTFzZXMlMjEyc2NvJTIxNHYxNTg4NzA1NDI5NjMwJTIxNW0yJTIxMXNlcyUyMTJzY28lMjIlMjB3aWR0aCUzRCUyMjYwMCUyMiUyMGhlaWdodCUzRCUyMjQ1MCUyMiUyMGZyYW1lYm9yZGVyJTNEJTIyMCUyMiUyMHN0eWxlJTNEJTIyYm9yZGVyJTNBMCUzQiUyMiUyMGFsbG93ZnVsbHNjcmVlbiUzRCUyMiUyMiUyMGFyaWEtaGlkZGVuJTNEJTIyZmFsc2UlMjIlMjB0YWJpbmRleCUzRCUyMjAlMjIlM0UlM0MlMkZpZnJhbWUlM0U=\u00bb title=\u00bbCarrera 21 No 13 &#8211; 02&#8243;][\/vc_column][\/vc_row][vc_row][vc_column width=\u00bb1\/2&#8243;][vc_single_image image=\u00bb55637&#8243; img_size=\u00bbfull\u00bb title=\u00bbSede Palogrande\u00bb][vc_column_text]<strong>Horarios de Trabajo del personal administrativo:<\/strong><br \/>\nLunes a Jueves 7:45 am &#8211; 11:45 am y 1:45 pm &#8211; 5:45 pm, Viernes 7:00 a 3:30 pm Jornada Continua.[\/vc_column_text][\/vc_column][vc_column width=\u00bb1\/2&#8243;][vc_gmaps link=\u00bb#E-8_JTNDaWZyYW1lJTIwc3JjJTNEJTIyaHR0cHMlM0ElMkYlMkZ3d3cuZ29vZ2xlLmNvbSUyRm1hcHMlMkZlbWJlZCUzRnBiJTNEJTIxMW0xOCUyMTFtMTIlMjExbTMlMjExZDM5NzQuMjYwNzcwNTgxNzQ2MyUyMTJkLTc1LjQ5MjQ3Mzg4NTkzMTYlMjEzZDUuMDYxNDI1OTk2MzI2MzI1JTIxMm0zJTIxMWYwJTIxMmYwJTIxM2YwJTIxM20yJTIxMWkxMDI0JTIxMmk3NjglMjE0ZjEzLjElMjEzbTMlMjExbTIlMjExczB4OGU0NzZmODc4NWNkMzMzMSUyNTNBMHg1NDVlYWQ3YzQwOTgzNzNkJTIxMnNGYWN1bHRhZCUyNTIwSnVyJTI1QzMlMjVBRGRpY2FzJTI1MjAtJTI1MjBVbml2ZXJzaWRhZCUyNTIwZGUlMjUyMENhbGRhcyUyMTVlMCUyMTNtMiUyMTFzZXMlMjEyc2NvJTIxNHYxNTg4NzA1NTg5MTk0JTIxNW0yJTIxMXNlcyUyMTJzY28lMjIlMjB3aWR0aCUzRCUyMjYwMCUyMiUyMGhlaWdodCUzRCUyMjQ1MCUyMiUyMGZyYW1lYm9yZGVyJTNEJTIyMCUyMiUyMHN0eWxlJTNEJTIyYm9yZGVyJTNBMCUzQiUyMiUyMGFsbG93ZnVsbHNjcmVlbiUzRCUyMiUyMiUyMGFyaWEtaGlkZGVuJTNEJTIyZmFsc2UlMjIlMjB0YWJpbmRleCUzRCUyMjAlMjIlM0UlM0MlMkZpZnJhbWUlM0U=\u00bb title=\u00bbCarrera 23 No 58-65&#8243;][\/vc_column][\/vc_row][vc_row][vc_column width=\u00bb1\/2&#8243;][vc_single_image image=\u00bb55638&#8243; img_size=\u00bbfull\u00bb title=\u00bbSede Sancancio\u00bb][vc_column_text]<strong>Horarios de Trabajo del personal administrativo:<\/strong><br \/>\nLunes a Jueves 7:45 am &#8211; 11:45 am y 1:45 pm &#8211; 5:45 pm, Viernes 7:00 a 3:30 pm Jornada Continua.[\/vc_column_text][\/vc_column][vc_column width=\u00bb1\/2&#8243;][vc_gmaps link=\u00bb#E-8_JTNDaWZyYW1lJTIwc3JjJTNEJTIyaHR0cHMlM0ElMkYlMkZ3d3cuZ29vZ2xlLmNvbSUyRm1hcHMlMkZlbWJlZCUzRnBiJTNEJTIxMW0xOCUyMTFtMTIlMjExbTMlMjExZDE5ODcuMTUwNzc3NTA0NjE4JTIxMmQtNzUuNDkzNzU3MzgwODY5NDMlMjEzZDUuMDU0NzgzMDE1ODk0NTkxJTIxMm0zJTIxMWYwJTIxMmYwJTIxM2YwJTIxM20yJTIxMWkxMDI0JTIxMmk3NjglMjE0ZjEzLjElMjEzbTMlMjExbTIlMjExczB4OGU0NzY1N2I0OWY0MzM2ZCUyNTNBMHg3YmY0ODExZGQ5YjFkY2M5JTIxMnNCaWJsaW90ZWNhJTI1MjBSb2dlbGlvJTI1MjBTYWxtb25hJTI1MjAtJTI1MjBVJTI1MjBDYWxkYXMlMjE1ZTAlMjEzbTIlMjExc2VzJTIxMnNjbyUyMTR2MTU4ODcwNjE5NjMzOCUyMTVtMiUyMTFzZXMlMjEyc2NvJTIyJTIwd2lkdGglM0QlMjI2MDAlMjIlMjBoZWlnaHQlM0QlMjI0NTAlMjIlMjBmcmFtZWJvcmRlciUzRCUyMjAlMjIlMjBzdHlsZSUzRCUyMmJvcmRlciUzQTAlM0IlMjIlMjBhbGxvd2Z1bGxzY3JlZW4lM0QlMjIlMjIlMjBhcmlhLWhpZGRlbiUzRCUyMmZhbHNlJTIyJTIwdGFiaW5kZXglM0QlMjIwJTIyJTNFJTNDJTJGaWZyYW1lJTNF\u00bb title=\u00bbCalle 65 No 30 &#8211; 65&#8243;][\/vc_column][\/vc_row][vc_row][vc_column width=\u00bb1\/2&#8243;][vc_single_image image=\u00bb55639&#8243; img_size=\u00bbfull\u00bb title=\u00bbSede Versalles\u00bb][vc_column_text]<strong>Horarios de Trabajo del personal administrativo:<\/strong><br \/>\nLunes a Jueves 7:45 am &#8211; 11:45 am y 1:45 pm &#8211; 5:45 pm, Viernes 7:00 a 3:30 pm Jornada Continua.[\/vc_column_text][\/vc_column][vc_column width=\u00bb1\/2&#8243;][vc_gmaps link=\u00bb#E-8_JTNDaWZyYW1lJTIwc3JjJTNEJTIyaHR0cHMlM0ElMkYlMkZ3d3cuZ29vZ2xlLmNvbSUyRm1hcHMlMkZlbWJlZCUzRnBiJTNEJTIxMW0xOCUyMTFtMTIlMjExbTMlMjExZDM5NzQuMjQ5MTQzMDcyMjM1JTIxMmQtNzUuNTAxOTU0MTg1OTMxNjIlMjEzZDUuMDYzMzE4Mjk2MzI0OTQ1JTIxMm0zJTIxMWYwJTIxMmYwJTIxM2YwJTIxM20yJTIxMWkxMDI0JTIxMmk3NjglMjE0ZjEzLjElMjEzbTMlMjExbTIlMjExczB4OGU0NzZmOGEzMzcxNDIwNyUyNTNBMHg5YjRkZDZkMDczYWVjYzgyJTIxMnNGYWN1bHRhZCUyNTIwRGUlMjUyMENpZW5jaWFzJTI1MjBwYXJhJTI1MjBsYSUyNTIwU2FsdWQlMjUyMC0lMjUyMFVuaXZlcnNpZGFkJTI1MjBkZSUyNTIwQ2FsZGFzJTIxNWUwJTIxM20yJTIxMXNlcyUyMTJzY28lMjE0djE1ODg3MDYzODI1NzglMjE1bTIlMjExc2VzJTIxMnNjbyUyMiUyMHdpZHRoJTNEJTIyNjAwJTIyJTIwaGVpZ2h0JTNEJTIyNDUwJTIyJTIwZnJhbWVib3JkZXIlM0QlMjIwJTIyJTIwc3R5bGUlM0QlMjJib3JkZXIlM0EwJTNCJTIyJTIwYWxsb3dmdWxsc2NyZWVuJTNEJTIyJTIyJTIwYXJpYS1oaWRkZW4lM0QlMjJmYWxzZSUyMiUyMHRhYmluZGV4JTNEJTIyMCUyMiUzRSUzQyUyRmlmcmFtZSUzRQ==\u00bb title=\u00bbCarrera 25 No 48-57&#8243;][\/vc_column][\/vc_row]<\/p>\n<\/div>","protected":false},"excerpt":{"rendered":"<p>[vc_row][vc_column][vc_empty_space height=\u00bb60px\u00bb][vc_custom_heading text=\u00bbCampus y Espacios Institucionales\u00bb google_fonts=\u00bbfont_family:Roboto%3A100%2C100italic%2C300%2C300italic%2Cregular%2Citalic%2C500%2C500italic%2C700%2C700italic%2C900%2C900italic|font_style:900%20bold%20regular%3A900%3Anormal\u00bb][vc_empty_space][\/vc_column][\/vc_row][vc_row][vc_column width=\u00bb1\/2&#8243;][vc_single_image image=\u00bb55636&#8243; img_size=\u00bblarge\u00bb title=\u00bbSede principal\u00bb][vc_column_text]Horarios de Trabajo del personal administrativo: Lunes a Jueves 7:45 am &#8211; 11:45 am y 1:45 pm &#8211; 5:45 pm, Viernes 7:00 a 3:30 pm Jornada Continua.[\/vc_column_text][\/vc_column][vc_column width=\u00bb1\/2&#8243;][vc_gmaps link=\u00bb#E-8_JTNDaWZyYW1lJTIwc3JjJTNEJTIyaHR0cHMlM0ElMkYlMkZ3d3cuZ29vZ2xlLmNvbSUyRm1hcHMlMkZlbWJlZCUzRnBiJTNEJTIxMW0xOCUyMTFtMTIlMjExbTMlMjExZDM5NzQuMjk0MzMzMjA1MjI4JTIxMmQtNzUuNDk1MDc2OTg1Njg1OTQlMjEzZDUuMDU1OTU5OTM5ODgzNDkyJTIxMm0zJTIxMWYwJTIxMmYwJTIxM2YwJTIxM20yJTIxMWkxMDI0JTIxMmk3NjglMjE0ZjEzLjElMjEzbTMlMjExbTIlMjExczB4OGU0NzY1NjM1NTA5MmJjMyUyNTNBMHhmNGQ1ODIwYjYxNTdlZjViJTIxMnNDbC4lMjUyMDY1JTI1MjAlMjUyMzI2LTEwJTI1MkMlMjUyME1hbml6YWxlcyUyNTJDJTI1MjBDYWxkYXMlMjE1ZTAlMjEzbTIlMjExc2VzJTIxMnNjbyUyMTR2MTU4ODY5NTU2NTc4NyUyMTVtMiUyMTFzZXMlMjEyc2NvJTIyJTIwd2lkdGglM0QlMjI2MDAlMjIlMjBoZWlnaHQlM0QlMjI0NTAlMjIlMjBmcmFtZWJvcmRlciUzRCUyMjAlMjIlMjBzdHlsZSUzRCUyMmJvcmRlciUzQTAlM0IlMjIlMjBhbGxvd2Z1bGxzY3JlZW4lM0QlMjIlMjIlMjBhcmlhLWhpZGRlbiUzRCUyMmZhbHNlJTIyJTIwdGFiaW5kZXglM0QlMjIwJTIyJTNFJTNDJTJGaWZyYW1lJTNF\u00bb title=\u00bbCalle 65 No 26 &#8211; 10&#8243;][\/vc_column][\/vc_row][vc_row][vc_column width=\u00bb1\/2&#8243;][vc_single_image image=\u00bb55635&#8243; img_size=\u00bblarge\u00bb title=\u00bbSede Bellas Artes\u00bb][vc_column_text]Horarios de Trabajo del [&hellip;]<\/p>\n","protected":false},"author":1,"featured_media":80288,"parent":0,"menu_order":0,"comment_status":"closed","ping_status":"open","template":"","meta":{"footnotes":""},"class_list":["post-157","page","type-page","status-publish","has-post-thumbnail","hentry"],"yoast_head":"<!-- This site is optimized with the Yoast SEO plugin v27.5 - https:\/\/yoast.com\/product\/yoast-seo-wordpress\/ -->\n<title>Campus y Espacios Institucionales .<\/title>\n<meta name=\"description\" content=\"Descubra toda la informaci\u00f3n en relaci\u00f3n a los campus, espacios y horarios de atenci\u00f3n de la Universidad de Caldas\" \/>\n<meta name=\"robots\" content=\"index, follow, max-snippet:-1, max-image-preview:large, max-video-preview:-1\" \/>\n<link rel=\"canonical\" href=\"https:\/\/www.ucaldas.edu.co\/portal\/sedes-y-espacios-institucionales\/\" \/>\n<script type=\"application\/ld+json\" class=\"yoast-schema-graph\">{\"@context\":\"https:\\\/\\\/schema.org\",\"@graph\":[{\"@type\":\"WebPage\",\"@id\":\"https:\\\/\\\/www.ucaldas.edu.co\\\/portal\\\/sedes-y-espacios-institucionales\\\/\",\"url\":\"https:\\\/\\\/www.ucaldas.edu.co\\\/portal\\\/sedes-y-espacios-institucionales\\\/\",\"name\":\"Campus y Espacios Institucionales .\",\"isPartOf\":{\"@id\":\"https:\\\/\\\/www.ucaldas.edu.co\\\/portal\\\/#website\"},\"primaryImageOfPage\":{\"@id\":\"https:\\\/\\\/www.ucaldas.edu.co\\\/portal\\\/sedes-y-espacios-institucionales\\\/#primaryimage\"},\"image\":{\"@id\":\"https:\\\/\\\/www.ucaldas.edu.co\\\/portal\\\/sedes-y-espacios-institucionales\\\/#primaryimage\"},\"thumbnailUrl\":\"https:\\\/\\\/www.ucaldas.edu.co\\\/portal\\\/wp-content\\\/uploads\\\/2024\\\/04\\\/Politica-de-Paz-y-Convivencia-Universidad-de-Caldas.png\",\"datePublished\":\"2014-02-14T03:41:47+00:00\",\"dateModified\":\"2024-07-24T21:23:00+00:00\",\"description\":\"Descubra toda la informaci\u00f3n en relaci\u00f3n a los campus, espacios y horarios de atenci\u00f3n de la Universidad de Caldas\",\"breadcrumb\":{\"@id\":\"https:\\\/\\\/www.ucaldas.edu.co\\\/portal\\\/sedes-y-espacios-institucionales\\\/#breadcrumb\"},\"inLanguage\":\"es\",\"potentialAction\":[{\"@type\":\"ReadAction\",\"target\":[\"https:\\\/\\\/www.ucaldas.edu.co\\\/portal\\\/sedes-y-espacios-institucionales\\\/\"]}]},{\"@type\":\"ImageObject\",\"inLanguage\":\"es\",\"@id\":\"https:\\\/\\\/www.ucaldas.edu.co\\\/portal\\\/sedes-y-espacios-institucionales\\\/#primaryimage\",\"url\":\"https:\\\/\\\/www.ucaldas.edu.co\\\/portal\\\/wp-content\\\/uploads\\\/2024\\\/04\\\/Politica-de-Paz-y-Convivencia-Universidad-de-Caldas.png\",\"contentUrl\":\"https:\\\/\\\/www.ucaldas.edu.co\\\/portal\\\/wp-content\\\/uploads\\\/2024\\\/04\\\/Politica-de-Paz-y-Convivencia-Universidad-de-Caldas.png\",\"width\":1920,\"height\":963,\"caption\":\"\u00bfYa conocen de qu\u00e9 se trata la Pol\u00edtica de Paz y Convivencia de la Universidad de Caldas? aqu\u00ed se lo explicamos.\"},{\"@type\":\"BreadcrumbList\",\"@id\":\"https:\\\/\\\/www.ucaldas.edu.co\\\/portal\\\/sedes-y-espacios-institucionales\\\/#breadcrumb\",\"itemListElement\":[{\"@type\":\"ListItem\",\"position\":1,\"name\":\"Portada\",\"item\":\"https:\\\/\\\/www.ucaldas.edu.co\\\/portal\\\/\"},{\"@type\":\"ListItem\",\"position\":2,\"name\":\"Campus y Espacios Institucionales\"}]},{\"@type\":\"WebSite\",\"@id\":\"https:\\\/\\\/www.ucaldas.edu.co\\\/portal\\\/#website\",\"url\":\"https:\\\/\\\/www.ucaldas.edu.co\\\/portal\\\/\",\"name\":\"Universidad de Caldas\",\"description\":\"\",\"publisher\":{\"@id\":\"https:\\\/\\\/www.ucaldas.edu.co\\\/portal\\\/#organization\"},\"alternateName\":\"U. de Caldas\",\"potentialAction\":[{\"@type\":\"SearchAction\",\"target\":{\"@type\":\"EntryPoint\",\"urlTemplate\":\"https:\\\/\\\/www.ucaldas.edu.co\\\/portal\\\/?s={search_term_string}\"},\"query-input\":{\"@type\":\"PropertyValueSpecification\",\"valueRequired\":true,\"valueName\":\"search_term_string\"}}],\"inLanguage\":\"es\"},{\"@type\":\"Organization\",\"@id\":\"https:\\\/\\\/www.ucaldas.edu.co\\\/portal\\\/#organization\",\"name\":\"Universidad de Caldas\",\"alternateName\":\"U. de Caldas\",\"url\":\"https:\\\/\\\/www.ucaldas.edu.co\\\/portal\\\/\",\"logo\":{\"@type\":\"ImageObject\",\"inLanguage\":\"es\",\"@id\":\"https:\\\/\\\/www.ucaldas.edu.co\\\/portal\\\/#\\\/schema\\\/logo\\\/image\\\/\",\"url\":\"https:\\\/\\\/www.ucaldas.edu.co\\\/portal\\\/wp-content\\\/uploads\\\/2023\\\/11\\\/Logo_horizontal_oscuroU-2023.png\",\"contentUrl\":\"https:\\\/\\\/www.ucaldas.edu.co\\\/portal\\\/wp-content\\\/uploads\\\/2023\\\/11\\\/Logo_horizontal_oscuroU-2023.png\",\"width\":263,\"height\":101,\"caption\":\"Universidad de Caldas\"},\"image\":{\"@id\":\"https:\\\/\\\/www.ucaldas.edu.co\\\/portal\\\/#\\\/schema\\\/logo\\\/image\\\/\"},\"sameAs\":[\"https:\\\/\\\/www.facebook.com\\\/udecaldas\",\"https:\\\/\\\/x.com\\\/udecaldas\",\"https:\\\/\\\/www.youtube.com\\\/universidadcaldas\",\"https:\\\/\\\/www.instagram.com\\\/udecaldas\\\/\"]}]}<\/script>\n<!-- \/ Yoast SEO plugin. -->","yoast_head_json":{"title":"Campus y Espacios Institucionales .","description":"Descubra toda la informaci\u00f3n en relaci\u00f3n a los campus, espacios y horarios de atenci\u00f3n de la Universidad de Caldas","robots":{"index":"index","follow":"follow","max-snippet":"max-snippet:-1","max-image-preview":"max-image-preview:large","max-video-preview":"max-video-preview:-1"},"canonical":"https:\/\/www.ucaldas.edu.co\/portal\/sedes-y-espacios-institucionales\/","schema":{"@context":"https:\/\/schema.org","@graph":[{"@type":"WebPage","@id":"https:\/\/www.ucaldas.edu.co\/portal\/sedes-y-espacios-institucionales\/","url":"https:\/\/www.ucaldas.edu.co\/portal\/sedes-y-espacios-institucionales\/","name":"Campus y Espacios Institucionales .","isPartOf":{"@id":"https:\/\/www.ucaldas.edu.co\/portal\/#website"},"primaryImageOfPage":{"@id":"https:\/\/www.ucaldas.edu.co\/portal\/sedes-y-espacios-institucionales\/#primaryimage"},"image":{"@id":"https:\/\/www.ucaldas.edu.co\/portal\/sedes-y-espacios-institucionales\/#primaryimage"},"thumbnailUrl":"https:\/\/www.ucaldas.edu.co\/portal\/wp-content\/uploads\/2024\/04\/Politica-de-Paz-y-Convivencia-Universidad-de-Caldas.png","datePublished":"2014-02-14T03:41:47+00:00","dateModified":"2024-07-24T21:23:00+00:00","description":"Descubra toda la informaci\u00f3n en relaci\u00f3n a los campus, espacios y horarios de atenci\u00f3n de la Universidad de Caldas","breadcrumb":{"@id":"https:\/\/www.ucaldas.edu.co\/portal\/sedes-y-espacios-institucionales\/#breadcrumb"},"inLanguage":"es","potentialAction":[{"@type":"ReadAction","target":["https:\/\/www.ucaldas.edu.co\/portal\/sedes-y-espacios-institucionales\/"]}]},{"@type":"ImageObject","inLanguage":"es","@id":"https:\/\/www.ucaldas.edu.co\/portal\/sedes-y-espacios-institucionales\/#primaryimage","url":"https:\/\/www.ucaldas.edu.co\/portal\/wp-content\/uploads\/2024\/04\/Politica-de-Paz-y-Convivencia-Universidad-de-Caldas.png","contentUrl":"https:\/\/www.ucaldas.edu.co\/portal\/wp-content\/uploads\/2024\/04\/Politica-de-Paz-y-Convivencia-Universidad-de-Caldas.png","width":1920,"height":963,"caption":"\u00bfYa conocen de qu\u00e9 se trata la Pol\u00edtica de Paz y Convivencia de la Universidad de Caldas? aqu\u00ed se lo explicamos."},{"@type":"BreadcrumbList","@id":"https:\/\/www.ucaldas.edu.co\/portal\/sedes-y-espacios-institucionales\/#breadcrumb","itemListElement":[{"@type":"ListItem","position":1,"name":"Portada","item":"https:\/\/www.ucaldas.edu.co\/portal\/"},{"@type":"ListItem","position":2,"name":"Campus y Espacios Institucionales"}]},{"@type":"WebSite","@id":"https:\/\/www.ucaldas.edu.co\/portal\/#website","url":"https:\/\/www.ucaldas.edu.co\/portal\/","name":"Universidad de Caldas","description":"","publisher":{"@id":"https:\/\/www.ucaldas.edu.co\/portal\/#organization"},"alternateName":"U. de Caldas","potentialAction":[{"@type":"SearchAction","target":{"@type":"EntryPoint","urlTemplate":"https:\/\/www.ucaldas.edu.co\/portal\/?s={search_term_string}"},"query-input":{"@type":"PropertyValueSpecification","valueRequired":true,"valueName":"search_term_string"}}],"inLanguage":"es"},{"@type":"Organization","@id":"https:\/\/www.ucaldas.edu.co\/portal\/#organization","name":"Universidad de Caldas","alternateName":"U. de Caldas","url":"https:\/\/www.ucaldas.edu.co\/portal\/","logo":{"@type":"ImageObject","inLanguage":"es","@id":"https:\/\/www.ucaldas.edu.co\/portal\/#\/schema\/logo\/image\/","url":"https:\/\/www.ucaldas.edu.co\/portal\/wp-content\/uploads\/2023\/11\/Logo_horizontal_oscuroU-2023.png","contentUrl":"https:\/\/www.ucaldas.edu.co\/portal\/wp-content\/uploads\/2023\/11\/Logo_horizontal_oscuroU-2023.png","width":263,"height":101,"caption":"Universidad de Caldas"},"image":{"@id":"https:\/\/www.ucaldas.edu.co\/portal\/#\/schema\/logo\/image\/"},"sameAs":["https:\/\/www.facebook.com\/udecaldas","https:\/\/x.com\/udecaldas","https:\/\/www.youtube.com\/universidadcaldas","https:\/\/www.instagram.com\/udecaldas\/"]}]}},"_links":{"self":[{"href":"https:\/\/www.ucaldas.edu.co\/portal\/wp-json\/wp\/v2\/pages\/157","targetHints":{"allow":["GET"]}}],"collection":[{"href":"https:\/\/www.ucaldas.edu.co\/portal\/wp-json\/wp\/v2\/pages"}],"about":[{"href":"https:\/\/www.ucaldas.edu.co\/portal\/wp-json\/wp\/v2\/types\/page"}],"author":[{"embeddable":true,"href":"https:\/\/www.ucaldas.edu.co\/portal\/wp-json\/wp\/v2\/users\/1"}],"replies":[{"embeddable":true,"href":"https:\/\/www.ucaldas.edu.co\/portal\/wp-json\/wp\/v2\/comments?post=157"}],"version-history":[{"count":0,"href":"https:\/\/www.ucaldas.edu.co\/portal\/wp-json\/wp\/v2\/pages\/157\/revisions"}],"wp:featuredmedia":[{"embeddable":true,"href":"https:\/\/www.ucaldas.edu.co\/portal\/wp-json\/wp\/v2\/media\/80288"}],"wp:attachment":[{"href":"https:\/\/www.ucaldas.edu.co\/portal\/wp-json\/wp\/v2\/media?parent=157"}],"curies":[{"name":"wp","href":"https:\/\/api.w.org\/{rel}","templated":true}]}}