{"id":103261,"date":"2026-03-12T10:26:33","date_gmt":"2026-03-12T15:26:33","guid":{"rendered":"https:\/\/www.ucaldas.edu.co\/portal\/?page_id=103261"},"modified":"2026-04-08T08:13:18","modified_gmt":"2026-04-08T13:13:18","slug":"planeacion-y-sistemas","status":"publish","type":"page","link":"https:\/\/www.ucaldas.edu.co\/portal\/planeacion-y-sistemas\/","title":{"rendered":"Oficina Asesora de Planeaci\u00f3n y Sistemas"},"content":{"rendered":"<div class=\"wpb-content-wrapper\"><p>[vc_row][vc_column][vc_column_text css=\u00bb\u00bb]La <strong>Oficina Asesora de Planeaci\u00f3n y Sistemas<\/strong> en su funci\u00f3n estatutaria es la dependencia que asesora a la Rector\u00eda y a los dem\u00e1s \u00f3rganos directivos de la Universidad de Caldas en la formulaci\u00f3n, ejecuci\u00f3n y evaluaci\u00f3n de planes, programas y proyectos relacionados con los aspectos financieros, de planta f\u00edsica, organizaci\u00f3n y m\u00e9todos y en general con todos aquellos temas que propendan por el cumplimiento de la misi\u00f3n institucional.<\/p>\n<p><strong>L\u00edder de proceso:<\/strong> Jefe Oficina Asesora de Planeaci\u00f3n y Sistemas.<br \/>\n<strong>Correo electr\u00f3nico:<\/strong> <a href=\"mailto:planea@ucaldas.edu.co\" target=\"_blank\" rel=\"noopener\">planea@ucaldas.edu.co<\/a>[\/vc_column_text][\/vc_column][\/vc_row][vc_row][vc_column][vc_row_inner el_class=\u00bbtarjeta-con-texto\u00bb][vc_column_inner el_class=\u00bbtarjeta-con-texto\u00bb width=\u00bb1\/4&#8243;][vc_single_image image=\u00bb103311&#8243; img_size=\u00bbfull\u00bb alignment=\u00bbcenter\u00bb style=\u00bbvc_box_rounded\u00bb onclick=\u00bbcustom_link\u00bb css=\u00bb\u00bb link=\u00bbhttps:\/\/www.ucaldas.edu.co\/portal\/planes-institucionales\/\u00bb][vc_custom_heading text=\u00bbPlanificaci\u00f3n Estrat\u00e9gica y T\u00e1ctica\u00bb font_container=\u00bbtag:h5|text_align:center|color:%23ffffff\u00bb google_fonts=\u00bbfont_family:Roboto%3A100%2C100italic%2C300%2C300italic%2Cregular%2Citalic%2C500%2C500italic%2C700%2C700italic%2C900%2C900italic|font_style:900%20bold%20regular%3A900%3Anormal\u00bb css=\u00bb\u00bb el_class=\u00bbtexto-tarjeta margin-0&#8243; link=\u00bburl:https%3A%2F%2Fwww.ucaldas.edu.co%2Fportal%2Ftransparencia%2Fparticipa%2Fplanes-institucionales%2F|title:Planificaci%C3%B3n%20Estrat%C3%A9gica%20y%20T%C3%A1ctica\u00bb][\/vc_column_inner][vc_column_inner el_class=\u00bbtarjeta-con-texto\u00bb width=\u00bb1\/4&#8243;][vc_single_image image=\u00bb103324&#8243; img_size=\u00bbfull\u00bb alignment=\u00bbcenter\u00bb style=\u00bbvc_box_rounded\u00bb onclick=\u00bbcustom_link\u00bb css=\u00bb\u00bb link=\u00bbhttps:\/\/www.ucaldas.edu.co\/portal\/transparencia\/participa\/planificacion-presupuestal-y-financiera\/\u00bb][vc_custom_heading text=\u00bbPlaneaci\u00f3n Presupuestal y Financiera\u00bb font_container=\u00bbtag:h5|text_align:center|color:%23ffffff\u00bb google_fonts=\u00bbfont_family:Roboto%3A100%2C100italic%2C300%2C300italic%2Cregular%2Citalic%2C500%2C500italic%2C700%2C700italic%2C900%2C900italic|font_style:900%20bold%20regular%3A900%3Anormal\u00bb css=\u00bb\u00bb el_class=\u00bbtexto-tarjeta margin-0&#8243; link=\u00bburl:https%3A%2F%2Fwww.ucaldas.edu.co%2Fportal%2Ftransparencia%2Fparticipa%2Fplanificacion-presupuestal-y-financiera%2F|title:Planeaci%C3%B3n%20Presupuestal%20y%20Financiera\u00bb][\/vc_column_inner][vc_column_inner width=\u00bb1\/4&#8243;][vc_single_image image=\u00bb103326&#8243; img_size=\u00bbfull\u00bb alignment=\u00bbcenter\u00bb style=\u00bbvc_box_rounded\u00bb onclick=\u00bbcustom_link\u00bb css=\u00bb\u00bb link=\u00bbhttps:\/\/www.ucaldas.edu.co\/portal\/planeacion-y-sistemas\/infraestructura-tecnologica\/\u00bb][vc_custom_heading text=\u00bbPlanificaci\u00f3n de la infraestructura tecnol\u00f3gica\u00bb font_container=\u00bbtag:h5|text_align:center|color:%23ffffff\u00bb google_fonts=\u00bbfont_family:Roboto%3A100%2C100italic%2C300%2C300italic%2Cregular%2Citalic%2C500%2C500italic%2C700%2C700italic%2C900%2C900italic|font_style:900%20bold%20regular%3A900%3Anormal\u00bb css=\u00bb\u00bb el_class=\u00bbtexto-tarjeta margin-0&#8243; link=\u00bburl:https%3A%2F%2Fwww.ucaldas.edu.co%2Fportal%2Fplaneacion-y-sistemas%2Finfraestructura-tecnologica%2F|title:Infraestructura%20Tecnol%C3%B3gica\u00bb][\/vc_column_inner][vc_column_inner width=\u00bb1\/4&#8243;][vc_single_image image=\u00bb103326&#8243; img_size=\u00bbfull\u00bb alignment=\u00bbcenter\u00bb style=\u00bbvc_box_rounded\u00bb onclick=\u00bbcustom_link\u00bb css=\u00bb\u00bb link=\u00bbhttps:\/\/www.ucaldas.edu.co\/portal\/planeacion-y-sistemas\/midi-sig\/\u00bb][vc_custom_heading text=\u00bbSistema Integrado de Gesti\u00f3n\u00bb font_container=\u00bbtag:h5|text_align:center|color:%23ffffff\u00bb google_fonts=\u00bbfont_family:Roboto%3A100%2C100italic%2C300%2C300italic%2Cregular%2Citalic%2C500%2C500italic%2C700%2C700italic%2C900%2C900italic|font_style:900%20bold%20regular%3A900%3Anormal\u00bb css=\u00bb\u00bb el_class=\u00bbtexto-tarjeta margin-0&#8243; link=\u00bburl:https%3A%2F%2Fwww.ucaldas.edu.co%2Fportal%2Fplaneacion-y-sistemas%2Fmidi-sig%2F|title:midi-sig\u00bb][\/vc_column_inner][\/vc_row_inner][\/vc_column][\/vc_row]<\/p>\n<\/div>","protected":false},"excerpt":{"rendered":"<p>[vc_row][vc_column][vc_column_text css=\u00bb\u00bb]La Oficina Asesora de Planeaci\u00f3n y Sistemas en su funci\u00f3n estatutaria es la dependencia que asesora a la Rector\u00eda y a los dem\u00e1s \u00f3rganos directivos de la Universidad de Caldas en la formulaci\u00f3n, ejecuci\u00f3n y evaluaci\u00f3n de planes, programas y proyectos relacionados con los aspectos financieros, de planta f\u00edsica, organizaci\u00f3n y m\u00e9todos y en [&hellip;]<\/p>\n","protected":false},"author":1,"featured_media":0,"parent":0,"menu_order":0,"comment_status":"closed","ping_status":"closed","template":"","meta":{"footnotes":""},"class_list":["post-103261","page","type-page","status-publish","hentry"],"yoast_head":"<!-- This site is optimized with the Yoast SEO plugin v27.5 - https:\/\/yoast.com\/product\/yoast-seo-wordpress\/ -->\n<title>Oficina Asesora de Planeaci\u00f3n y Sistemas<\/title>\n<meta name=\"description\" content=\"La Vicerrector\u00eda Administrativa de la Universidad de Caldas asegura que la instituci\u00f3n cuente con los recursos necesarios.\" \/>\n<meta name=\"robots\" content=\"index, follow, max-snippet:-1, max-image-preview:large, max-video-preview:-1\" \/>\n<link rel=\"canonical\" href=\"https:\/\/www.ucaldas.edu.co\/portal\/planeacion-y-sistemas\/\" \/>\n<script type=\"application\/ld+json\" class=\"yoast-schema-graph\">{\"@context\":\"https:\\\/\\\/schema.org\",\"@graph\":[{\"@type\":\"WebPage\",\"@id\":\"https:\\\/\\\/www.ucaldas.edu.co\\\/portal\\\/planeacion-y-sistemas\\\/\",\"url\":\"https:\\\/\\\/www.ucaldas.edu.co\\\/portal\\\/planeacion-y-sistemas\\\/\",\"name\":\"Oficina Asesora de Planeaci\u00f3n y Sistemas\",\"isPartOf\":{\"@id\":\"https:\\\/\\\/www.ucaldas.edu.co\\\/portal\\\/#website\"},\"datePublished\":\"2026-03-12T15:26:33+00:00\",\"dateModified\":\"2026-04-08T13:13:18+00:00\",\"description\":\"La Vicerrector\u00eda Administrativa de la Universidad de Caldas asegura que la instituci\u00f3n cuente con los recursos necesarios.\",\"breadcrumb\":{\"@id\":\"https:\\\/\\\/www.ucaldas.edu.co\\\/portal\\\/planeacion-y-sistemas\\\/#breadcrumb\"},\"inLanguage\":\"es\",\"potentialAction\":[{\"@type\":\"ReadAction\",\"target\":[\"https:\\\/\\\/www.ucaldas.edu.co\\\/portal\\\/planeacion-y-sistemas\\\/\"]}]},{\"@type\":\"BreadcrumbList\",\"@id\":\"https:\\\/\\\/www.ucaldas.edu.co\\\/portal\\\/planeacion-y-sistemas\\\/#breadcrumb\",\"itemListElement\":[{\"@type\":\"ListItem\",\"position\":1,\"name\":\"Portada\",\"item\":\"https:\\\/\\\/www.ucaldas.edu.co\\\/portal\\\/\"},{\"@type\":\"ListItem\",\"position\":2,\"name\":\"Oficina Asesora de Planeaci\u00f3n y Sistemas\"}]},{\"@type\":\"WebSite\",\"@id\":\"https:\\\/\\\/www.ucaldas.edu.co\\\/portal\\\/#website\",\"url\":\"https:\\\/\\\/www.ucaldas.edu.co\\\/portal\\\/\",\"name\":\"Universidad de Caldas\",\"description\":\"\",\"publisher\":{\"@id\":\"https:\\\/\\\/www.ucaldas.edu.co\\\/portal\\\/#organization\"},\"alternateName\":\"U. de Caldas\",\"potentialAction\":[{\"@type\":\"SearchAction\",\"target\":{\"@type\":\"EntryPoint\",\"urlTemplate\":\"https:\\\/\\\/www.ucaldas.edu.co\\\/portal\\\/?s={search_term_string}\"},\"query-input\":{\"@type\":\"PropertyValueSpecification\",\"valueRequired\":true,\"valueName\":\"search_term_string\"}}],\"inLanguage\":\"es\"},{\"@type\":\"Organization\",\"@id\":\"https:\\\/\\\/www.ucaldas.edu.co\\\/portal\\\/#organization\",\"name\":\"Universidad de Caldas\",\"alternateName\":\"U. de Caldas\",\"url\":\"https:\\\/\\\/www.ucaldas.edu.co\\\/portal\\\/\",\"logo\":{\"@type\":\"ImageObject\",\"inLanguage\":\"es\",\"@id\":\"https:\\\/\\\/www.ucaldas.edu.co\\\/portal\\\/#\\\/schema\\\/logo\\\/image\\\/\",\"url\":\"https:\\\/\\\/www.ucaldas.edu.co\\\/portal\\\/wp-content\\\/uploads\\\/2023\\\/11\\\/Logo_horizontal_oscuroU-2023.png\",\"contentUrl\":\"https:\\\/\\\/www.ucaldas.edu.co\\\/portal\\\/wp-content\\\/uploads\\\/2023\\\/11\\\/Logo_horizontal_oscuroU-2023.png\",\"width\":263,\"height\":101,\"caption\":\"Universidad de Caldas\"},\"image\":{\"@id\":\"https:\\\/\\\/www.ucaldas.edu.co\\\/portal\\\/#\\\/schema\\\/logo\\\/image\\\/\"},\"sameAs\":[\"https:\\\/\\\/www.facebook.com\\\/udecaldas\",\"https:\\\/\\\/x.com\\\/udecaldas\",\"https:\\\/\\\/www.youtube.com\\\/universidadcaldas\",\"https:\\\/\\\/www.instagram.com\\\/udecaldas\\\/\"]}]}<\/script>\n<!-- \/ Yoast SEO plugin. -->","yoast_head_json":{"title":"Oficina Asesora de Planeaci\u00f3n y Sistemas","description":"La Vicerrector\u00eda Administrativa de la Universidad de Caldas asegura que la instituci\u00f3n cuente con los recursos necesarios.","robots":{"index":"index","follow":"follow","max-snippet":"max-snippet:-1","max-image-preview":"max-image-preview:large","max-video-preview":"max-video-preview:-1"},"canonical":"https:\/\/www.ucaldas.edu.co\/portal\/planeacion-y-sistemas\/","schema":{"@context":"https:\/\/schema.org","@graph":[{"@type":"WebPage","@id":"https:\/\/www.ucaldas.edu.co\/portal\/planeacion-y-sistemas\/","url":"https:\/\/www.ucaldas.edu.co\/portal\/planeacion-y-sistemas\/","name":"Oficina Asesora de Planeaci\u00f3n y Sistemas","isPartOf":{"@id":"https:\/\/www.ucaldas.edu.co\/portal\/#website"},"datePublished":"2026-03-12T15:26:33+00:00","dateModified":"2026-04-08T13:13:18+00:00","description":"La Vicerrector\u00eda Administrativa de la Universidad de Caldas asegura que la instituci\u00f3n cuente con los recursos necesarios.","breadcrumb":{"@id":"https:\/\/www.ucaldas.edu.co\/portal\/planeacion-y-sistemas\/#breadcrumb"},"inLanguage":"es","potentialAction":[{"@type":"ReadAction","target":["https:\/\/www.ucaldas.edu.co\/portal\/planeacion-y-sistemas\/"]}]},{"@type":"BreadcrumbList","@id":"https:\/\/www.ucaldas.edu.co\/portal\/planeacion-y-sistemas\/#breadcrumb","itemListElement":[{"@type":"ListItem","position":1,"name":"Portada","item":"https:\/\/www.ucaldas.edu.co\/portal\/"},{"@type":"ListItem","position":2,"name":"Oficina Asesora de Planeaci\u00f3n y Sistemas"}]},{"@type":"WebSite","@id":"https:\/\/www.ucaldas.edu.co\/portal\/#website","url":"https:\/\/www.ucaldas.edu.co\/portal\/","name":"Universidad de Caldas","description":"","publisher":{"@id":"https:\/\/www.ucaldas.edu.co\/portal\/#organization"},"alternateName":"U. de Caldas","potentialAction":[{"@type":"SearchAction","target":{"@type":"EntryPoint","urlTemplate":"https:\/\/www.ucaldas.edu.co\/portal\/?s={search_term_string}"},"query-input":{"@type":"PropertyValueSpecification","valueRequired":true,"valueName":"search_term_string"}}],"inLanguage":"es"},{"@type":"Organization","@id":"https:\/\/www.ucaldas.edu.co\/portal\/#organization","name":"Universidad de Caldas","alternateName":"U. de Caldas","url":"https:\/\/www.ucaldas.edu.co\/portal\/","logo":{"@type":"ImageObject","inLanguage":"es","@id":"https:\/\/www.ucaldas.edu.co\/portal\/#\/schema\/logo\/image\/","url":"https:\/\/www.ucaldas.edu.co\/portal\/wp-content\/uploads\/2023\/11\/Logo_horizontal_oscuroU-2023.png","contentUrl":"https:\/\/www.ucaldas.edu.co\/portal\/wp-content\/uploads\/2023\/11\/Logo_horizontal_oscuroU-2023.png","width":263,"height":101,"caption":"Universidad de Caldas"},"image":{"@id":"https:\/\/www.ucaldas.edu.co\/portal\/#\/schema\/logo\/image\/"},"sameAs":["https:\/\/www.facebook.com\/udecaldas","https:\/\/x.com\/udecaldas","https:\/\/www.youtube.com\/universidadcaldas","https:\/\/www.instagram.com\/udecaldas\/"]}]}},"_links":{"self":[{"href":"https:\/\/www.ucaldas.edu.co\/portal\/wp-json\/wp\/v2\/pages\/103261","targetHints":{"allow":["GET"]}}],"collection":[{"href":"https:\/\/www.ucaldas.edu.co\/portal\/wp-json\/wp\/v2\/pages"}],"about":[{"href":"https:\/\/www.ucaldas.edu.co\/portal\/wp-json\/wp\/v2\/types\/page"}],"author":[{"embeddable":true,"href":"https:\/\/www.ucaldas.edu.co\/portal\/wp-json\/wp\/v2\/users\/1"}],"replies":[{"embeddable":true,"href":"https:\/\/www.ucaldas.edu.co\/portal\/wp-json\/wp\/v2\/comments?post=103261"}],"version-history":[{"count":9,"href":"https:\/\/www.ucaldas.edu.co\/portal\/wp-json\/wp\/v2\/pages\/103261\/revisions"}],"predecessor-version":[{"id":103556,"href":"https:\/\/www.ucaldas.edu.co\/portal\/wp-json\/wp\/v2\/pages\/103261\/revisions\/103556"}],"wp:attachment":[{"href":"https:\/\/www.ucaldas.edu.co\/portal\/wp-json\/wp\/v2\/media?parent=103261"}],"curies":[{"name":"wp","href":"https:\/\/api.w.org\/{rel}","templated":true}]}}

Oficina Asesora de Planeación y Sistemas

<div class="wpb-content-wrapper"><p>[vc_row][vc_column][vc_column_text css=»»]La <strong>Oficina Asesora de Planeación y Sistemas</strong> en su función estatutaria es la dependencia que asesora a la Rectoría y a los demás órganos directivos de la Universidad de Caldas en la formulación, ejecución y evaluación de planes, programas y proyectos relacionados con los aspectos financieros, de planta física, organización y métodos y en general con todos aquellos temas que propendan por el cumplimiento de la misión institucional.</p>
<p><strong>Líder de proceso:</strong> Jefe Oficina Asesora de Planeación y Sistemas.<br />
<strong>Correo electrónico:</strong> <a href="mailto:planea@ucaldas.edu.co" target="_blank" rel="noopener">planea@ucaldas.edu.co</a>[/vc_column_text][/vc_column][/vc_row][vc_row][vc_column][vc_row_inner el_class=»tarjeta-con-texto»][vc_column_inner el_class=»tarjeta-con-texto» width=»1/4&#8243;][vc_single_image image=»103311&#8243; img_size=»full» alignment=»center» style=»vc_box_rounded» onclick=»custom_link» css=»» link=»https://www.ucaldas.edu.co/portal/planes-institucionales/»][vc_custom_heading text=»Planificación Estratégica y Táctica» font_container=»tag:h5|text_align:center|color:%23ffffff» google_fonts=»font_family:Roboto%3A100%2C100italic%2C300%2C300italic%2Cregular%2Citalic%2C500%2C500italic%2C700%2C700italic%2C900%2C900italic|font_style:900%20bold%20regular%3A900%3Anormal» css=»» el_class=»texto-tarjeta margin-0&#8243; link=»url:https%3A%2F%2Fwww.ucaldas.edu.co%2Fportal%2Ftransparencia%2Fparticipa%2Fplanes-institucionales%2F|title:Planificaci%C3%B3n%20Estrat%C3%A9gica%20y%20T%C3%A1ctica»][/vc_column_inner][vc_column_inner el_class=»tarjeta-con-texto» width=»1/4&#8243;][vc_single_image image=»103324&#8243; img_size=»full» alignment=»center» style=»vc_box_rounded» onclick=»custom_link» css=»» link=»https://www.ucaldas.edu.co/portal/transparencia/participa/planificacion-presupuestal-y-financiera/»][vc_custom_heading text=»Planeación Presupuestal y Financiera» font_container=»tag:h5|text_align:center|color:%23ffffff» google_fonts=»font_family:Roboto%3A100%2C100italic%2C300%2C300italic%2Cregular%2Citalic%2C500%2C500italic%2C700%2C700italic%2C900%2C900italic|font_style:900%20bold%20regular%3A900%3Anormal» css=»» el_class=»texto-tarjeta margin-0&#8243; link=»url:https%3A%2F%2Fwww.ucaldas.edu.co%2Fportal%2Ftransparencia%2Fparticipa%2Fplanificacion-presupuestal-y-financiera%2F|title:Planeaci%C3%B3n%20Presupuestal%20y%20Financiera»][/vc_column_inner][vc_column_inner width=»1/4&#8243;][vc_single_image image=»103326&#8243; img_size=»full» alignment=»center» style=»vc_box_rounded» onclick=»custom_link» css=»» link=»https://www.ucaldas.edu.co/portal/planeacion-y-sistemas/infraestructura-tecnologica/»][vc_custom_heading text=»Planificación de la infraestructura tecnológica» font_container=»tag:h5|text_align:center|color:%23ffffff» google_fonts=»font_family:Roboto%3A100%2C100italic%2C300%2C300italic%2Cregular%2Citalic%2C500%2C500italic%2C700%2C700italic%2C900%2C900italic|font_style:900%20bold%20regular%3A900%3Anormal» css=»» el_class=»texto-tarjeta margin-0&#8243; link=»url:https%3A%2F%2Fwww.ucaldas.edu.co%2Fportal%2Fplaneacion-y-sistemas%2Finfraestructura-tecnologica%2F|title:Infraestructura%20Tecnol%C3%B3gica»][/vc_column_inner][vc_column_inner width=»1/4&#8243;][vc_single_image image=»103326&#8243; img_size=»full» alignment=»center» style=»vc_box_rounded» onclick=»custom_link» css=»» link=»https://www.ucaldas.edu.co/portal/planeacion-y-sistemas/midi-sig/»][vc_custom_heading text=»Sistema Integrado de Gestión» font_container=»tag:h5|text_align:center|color:%23ffffff» google_fonts=»font_family:Roboto%3A100%2C100italic%2C300%2C300italic%2Cregular%2Citalic%2C500%2C500italic%2C700%2C700italic%2C900%2C900italic|font_style:900%20bold%20regular%3A900%3Anormal» css=»» el_class=»texto-tarjeta margin-0&#8243; link=»url:https%3A%2F%2Fwww.ucaldas.edu.co%2Fportal%2Fplaneacion-y-sistemas%2Fmidi-sig%2F|title:midi-sig»][/vc_column_inner][/vc_row_inner][/vc_column][/vc_row]</p>
</div>

<p>[vc_row][vc_column][vc_column_text css=»»]La Oficina Asesora de Planeación y Sistemas en su función estatutaria es la dependencia que asesora a la Rectoría y a los demás órganos directivos de la Universidad de Caldas en la formulación, ejecución y evaluación de planes, programas y proyectos relacionados con los aspectos financieros, de planta física, organización y métodos y en [&hellip;]</p>

<!-- This site is optimized with the Yoast SEO plugin v27.5 - https://yoast.com/product/yoast-seo-wordpress/ -->
<title>Oficina Asesora de Planeación y Sistemas</title>
<meta name="description" content="La Vicerrectoría Administrativa de la Universidad de Caldas asegura que la institución cuente con los recursos necesarios." />
<meta name="robots" content="index, follow, max-snippet:-1, max-image-preview:large, max-video-preview:-1" />
<link rel="canonical" href="https://www.ucaldas.edu.co/portal/planeacion-y-sistemas/" />
<script type="application/ld+json" class="yoast-schema-graph">{"@context":"https:\/\/schema.org","@graph":[{"@type":"WebPage","@id":"https:\/\/www.ucaldas.edu.co\/portal\/planeacion-y-sistemas\/","url":"https:\/\/www.ucaldas.edu.co\/portal\/planeacion-y-sistemas\/","name":"Oficina Asesora de Planeación y Sistemas","isPartOf":{"@id":"https:\/\/www.ucaldas.edu.co\/portal\/#website"},"datePublished":"2026-03-12T15:26:33+00:00","dateModified":"2026-04-08T13:13:18+00:00","description":"La Vicerrectoría Administrativa de la Universidad de Caldas asegura que la institución cuente con los recursos necesarios.","breadcrumb":{"@id":"https:\/\/www.ucaldas.edu.co\/portal\/planeacion-y-sistemas\/#breadcrumb"},"inLanguage":"es","potentialAction":[{"@type":"ReadAction","target":["https:\/\/www.ucaldas.edu.co\/portal\/planeacion-y-sistemas\/"]}]},{"@type":"BreadcrumbList","@id":"https:\/\/www.ucaldas.edu.co\/portal\/planeacion-y-sistemas\/#breadcrumb","itemListElement":[{"@type":"ListItem","position":1,"name":"Portada","item":"https:\/\/www.ucaldas.edu.co\/portal\/"},{"@type":"ListItem","position":2,"name":"Oficina Asesora de Planeación y Sistemas"}]},{"@type":"WebSite","@id":"https:\/\/www.ucaldas.edu.co\/portal\/#website","url":"https:\/\/www.ucaldas.edu.co\/portal\/","name":"Universidad de Caldas","description":"","publisher":{"@id":"https:\/\/www.ucaldas.edu.co\/portal\/#organization"},"alternateName":"U. de Caldas","potentialAction":[{"@type":"SearchAction","target":{"@type":"EntryPoint","urlTemplate":"https:\/\/www.ucaldas.edu.co\/portal\/?s={search_term_string}"},"query-input":{"@type":"PropertyValueSpecification","valueRequired":true,"valueName":"search_term_string"}}],"inLanguage":"es"},{"@type":"Organization","@id":"https:\/\/www.ucaldas.edu.co\/portal\/#organization","name":"Universidad de Caldas","alternateName":"U. de Caldas","url":"https:\/\/www.ucaldas.edu.co\/portal\/","logo":{"@type":"ImageObject","inLanguage":"es","@id":"https:\/\/www.ucaldas.edu.co\/portal\/#\/schema\/logo\/image\/","url":"https:\/\/www.ucaldas.edu.co\/portal\/wp-content\/uploads\/2023\/11\/Logo_horizontal_oscuroU-2023.png","contentUrl":"https:\/\/www.ucaldas.edu.co\/portal\/wp-content\/uploads\/2023\/11\/Logo_horizontal_oscuroU-2023.png","width":263,"height":101,"caption":"Universidad de Caldas"},"image":{"@id":"https:\/\/www.ucaldas.edu.co\/portal\/#\/schema\/logo\/image\/"},"sameAs":["https:\/\/www.facebook.com\/udecaldas","https:\/\/x.com\/udecaldas","https:\/\/www.youtube.com\/universidadcaldas","https:\/\/www.instagram.com\/udecaldas\/"]}]}</script>
<!-- / Yoast SEO plugin. -->

La Vicerrectoría Administrativa de la Universidad de Caldas asegura que la institución cuente con los recursos necesarios.
